{"id":864,"date":"2013-03-21T16:31:32","date_gmt":"2013-03-21T16:31:32","guid":{"rendered":"http:\/\/lacetans.org\/solsonesmemoria\/?page_id=864"},"modified":"2014-04-12T11:52:27","modified_gmt":"2014-04-12T11:52:27","slug":"oppidum-10","status":"publish","type":"page","link":"http:\/\/lacetans.org\/solsonesmemoria\/publicacions\/oppidum-10\/","title":{"rendered":"Oppidum 10"},"content":{"rendered":"<p><strong>SUMARI<\/strong><\/p>\n<p>5. El poblat ib\u00e8ric del Castellvell (Olius, Solson\u00e8s): reexcavaci\u00f3 noranta-tres anys despr\u00e9s.<\/p>\n<p>Ramon Cardona, David Asensio, Jordi Morer, Josep Pou<\/p>\n<p>&nbsp;<\/p>\n<p>21. \u201cDissentir en lo repartiment del bisbat\u201d: la reacci\u00f3 del Consolat de la Seu d\u2019Urgell davant la creaci\u00f3 del bisbat de Solsona (1590-1623).<\/p>\n<p>Llu\u00eds Obiols i Perearnau<\/p>\n<p>&nbsp;<\/p>\n<p>45. Dues obres de l\u2019argenter Francesc Martorell i de l\u2019escultor Josep Sunyer per a la catedral de Solsona (1738\/1742)<\/p>\n<p>Ramon Planes i Albets<\/p>\n<p>&nbsp;<\/p>\n<p>57. Solsona i el temple de la Sagrada Fam\u00edlia de Barcelona<\/p>\n<p>Fina Par\u00e9s i Rigau, Laia Vinaixa i Mart\u00ednez<\/p>\n<p>&nbsp;<\/p>\n<p>67. La Taula Rodona: una peculiar entitat solsonina.<\/p>\n<p>Jordi Torner i Planell, Rosa M. Vila I Gangolells.<\/p>\n<p>&nbsp;<\/p>\n<p>83. Fosses comunes de la guerra civil al Solson\u00e8s. Resultats de la recerca.<\/p>\n<p>Esther Miralles i Henares, Roser Grau i Lluci\u00e0.<\/p>\n<p>&nbsp;<\/p>\n<p>105. La fira de Sant Josep de Solsona<\/p>\n<p>Enric Bertran i Gonz\u00e0lez<\/p>\n<p>&nbsp;<\/p>\n","protected":false},"excerpt":{"rendered":"<p>SUMARI 5. El poblat ib\u00e8ric del Castellvell (Olius, Solson\u00e8s): reexcavaci\u00f3 noranta-tres anys despr\u00e9s. Ramon Cardona, David Asensio, Jordi Morer, Josep Pou &nbsp; 21. \u201cDissentir en lo repartiment del bisbat\u201d: la reacci\u00f3 del Consolat de la Seu d\u2019Urgell davant la creaci\u00f3 del bisbat de Solsona (1590-1623). Llu\u00eds Obiols i Perearnau &nbsp; 45. Dues obres de l\u2019argenter [&hellip;]<\/p>\n","protected":false},"author":2,"featured_media":866,"parent":131,"menu_order":12,"comment_status":"closed","ping_status":"closed","template":"","meta":{"footnotes":""},"class_list":["post-864","page","type-page","status-publish","has-post-thumbnail","hentry"],"_links":{"self":[{"href":"http:\/\/lacetans.org\/solsonesmemoria\/wp-json\/wp\/v2\/pages\/864"}],"collection":[{"href":"http:\/\/lacetans.org\/solsonesmemoria\/wp-json\/wp\/v2\/pages"}],"about":[{"href":"http:\/\/lacetans.org\/solsonesmemoria\/wp-json\/wp\/v2\/types\/page"}],"author":[{"embeddable":true,"href":"http:\/\/lacetans.org\/solsonesmemoria\/wp-json\/wp\/v2\/users\/2"}],"replies":[{"embeddable":true,"href":"http:\/\/lacetans.org\/solsonesmemoria\/wp-json\/wp\/v2\/comments?post=864"}],"version-history":[{"count":5,"href":"http:\/\/lacetans.org\/solsonesmemoria\/wp-json\/wp\/v2\/pages\/864\/revisions"}],"predecessor-version":[{"id":869,"href":"http:\/\/lacetans.org\/solsonesmemoria\/wp-json\/wp\/v2\/pages\/864\/revisions\/869"}],"up":[{"embeddable":true,"href":"http:\/\/lacetans.org\/solsonesmemoria\/wp-json\/wp\/v2\/pages\/131"}],"wp:featuredmedia":[{"embeddable":true,"href":"http:\/\/lacetans.org\/solsonesmemoria\/wp-json\/wp\/v2\/media\/866"}],"wp:attachment":[{"href":"http:\/\/lacetans.org\/solsonesmemoria\/wp-json\/wp\/v2\/media?parent=864"}],"curies":[{"name":"wp","href":"https:\/\/api.w.org\/{rel}","templated":true}]}}

<p><strong>SUMARI</strong></p>
<p>5. El poblat ibèric del Castellvell (Olius, Solsonès): reexcavació noranta-tres anys després.</p>
<p>Ramon Cardona, David Asensio, Jordi Morer, Josep Pou</p>
<p>&nbsp;</p>
<p>21. “Dissentir en lo repartiment del bisbat”: la reacció del Consolat de la Seu d’Urgell davant la creació del bisbat de Solsona (1590-1623).</p>
<p>Lluís Obiols i Perearnau</p>
<p>&nbsp;</p>
<p>45. Dues obres de l’argenter Francesc Martorell i de l’escultor Josep Sunyer per a la catedral de Solsona (1738/1742)</p>
<p>Ramon Planes i Albets</p>
<p>&nbsp;</p>
<p>57. Solsona i el temple de la Sagrada Família de Barcelona</p>
<p>Fina Parés i Rigau, Laia Vinaixa i Martínez</p>
<p>&nbsp;</p>
<p>67. La Taula Rodona: una peculiar entitat solsonina.</p>
<p>Jordi Torner i Planell, Rosa M. Vila I Gangolells.</p>
<p>&nbsp;</p>
<p>83. Fosses comunes de la guerra civil al Solsonès. Resultats de la recerca.</p>
<p>Esther Miralles i Henares, Roser Grau i Llucià.</p>
<p>&nbsp;</p>
<p>105. La fira de Sant Josep de Solsona</p>
<p>Enric Bertran i Gonzàlez</p>
<p>&nbsp;</p>

<p>SUMARI 5. El poblat ibèric del Castellvell (Olius, Solsonès): reexcavació noranta-tres anys després. Ramon Cardona, David Asensio, Jordi Morer, Josep Pou &nbsp; 21. “Dissentir en lo repartiment del bisbat”: la reacció del Consolat de la Seu d’Urgell davant la creació del bisbat de Solsona (1590-1623). Lluís Obiols i Perearnau &nbsp; 45. Dues obres de l’argenter [&hellip;]</p>
