{"id":779,"date":"2013-03-14T19:37:47","date_gmt":"2013-03-14T19:37:47","guid":{"rendered":"http:\/\/lacetans.org\/solsonesmemoria\/?page_id=779"},"modified":"2014-04-12T11:52:27","modified_gmt":"2014-04-12T11:52:27","slug":"marcel%c2%b7li-corominas-i-jordi-tasies-un-immoble-al-servei-de-la-ciutat-2012","status":"publish","type":"page","link":"http:\/\/lacetans.org\/solsonesmemoria\/publicacions\/marcel%c2%b7li-corominas-i-jordi-tasies-un-immoble-al-servei-de-la-ciutat-2012\/","title":{"rendered":"Marcel\u00b7l\u00ed Corominas i Jordi T\u00e0sies. Un immoble al servei de la ciutat (2012)"},"content":{"rendered":"<p>Marcel\u00b7l\u00ed Corominas i Cots i Jordi Tasies i Planas, reconstrueixen la hist\u00f2ria d&#8217;aquest emblem\u00e0tic edifici i del seu impacte a la ciutat a trav\u00e9s d&#8217;un exhastiu estudi documental.<\/p>\n<p class=\"hide-if-no-js\" style=\"text-align: center;\"><a href=\"http:\/\/lacetans.org\/solsonesmemoria\/publicacions\/marcel%c2%b7li-corominas-i-jordi-tasies-un-immoble-al-servei-de-la-ciutat-2012\/llibre-escolapis-portada-p\/\" rel=\"attachment wp-att-781\"><img loading=\"lazy\" decoding=\"async\" class=\"aligncenter  wp-image-781\" alt=\"Llibre Escolapis - Portada p\" src=\"http:\/\/lacetans.org\/solsonesmemoria\/wp-content\/uploads\/2013\/03\/Llibre-Escolapis-Portada-p-345x474.jpg\" width=\"241\" height=\"332\" srcset=\"http:\/\/lacetans.org\/solsonesmemoria\/wp-content\/uploads\/2013\/03\/Llibre-Escolapis-Portada-p-345x474.jpg 345w, http:\/\/lacetans.org\/solsonesmemoria\/wp-content\/uploads\/2013\/03\/Llibre-Escolapis-Portada-p-180x247.jpg 180w, http:\/\/lacetans.org\/solsonesmemoria\/wp-content\/uploads\/2013\/03\/Llibre-Escolapis-Portada-p-700x962.jpg 700w, http:\/\/lacetans.org\/solsonesmemoria\/wp-content\/uploads\/2013\/03\/Llibre-Escolapis-Portada-p.jpg 745w\" sizes=\"(max-width: 241px) 100vw, 241px\" \/><\/a><\/p>\n<blockquote class=\"testimoni-escrit\">&#8220;Per no oblidar hem volgut escriure aquest llibre. Una tasca que es va iniciar abans de l\u2019enderroc dels Escolapis, quan aquesta opci\u00f3 encara ens semblava evitable. La recerca documental a qu\u00e8 vam dedicar els nostres esfor\u00e7os, aleshores, pretenia donar raons a\u00a0 aquells que havien de prendre una decisi\u00f3 o una altra, per demostrar-los que aquest col\u00b7legi era un element patrimonial important de la nostra identitat i que, per tant, s\u2019havia de preservar i conservar. Perqu\u00e8 la recerca hist\u00f2rica \u00e9s essencial per a la recuperaci\u00f3 del patrimoni, un pas previ i ineludible, dir\u00edem, tot i que gaireb\u00e9 sempre es passa per alt.&#8221;\n<footer><cite>Marcel\u00b7l\u00ed Corominas i Jordi T\u00e0sies. Fragment del pr\u00f2leg del llibre.<\/cite><\/footer><\/blockquote>\n","protected":false},"excerpt":{"rendered":"<p>Marcel\u00b7l\u00ed Corominas i Cots i Jordi Tasies i Planas, reconstrueixen la hist\u00f2ria d&#8217;aquest emblem\u00e0tic edifici i del seu impacte a la ciutat a trav\u00e9s d&#8217;un exhastiu estudi documental.<\/p>\n","protected":false},"author":2,"featured_media":781,"parent":131,"menu_order":41,"comment_status":"closed","ping_status":"closed","template":"","meta":{"footnotes":""},"class_list":["post-779","page","type-page","status-publish","has-post-thumbnail","hentry"],"_links":{"self":[{"href":"http:\/\/lacetans.org\/solsonesmemoria\/wp-json\/wp\/v2\/pages\/779"}],"collection":[{"href":"http:\/\/lacetans.org\/solsonesmemoria\/wp-json\/wp\/v2\/pages"}],"about":[{"href":"http:\/\/lacetans.org\/solsonesmemoria\/wp-json\/wp\/v2\/types\/page"}],"author":[{"embeddable":true,"href":"http:\/\/lacetans.org\/solsonesmemoria\/wp-json\/wp\/v2\/users\/2"}],"replies":[{"embeddable":true,"href":"http:\/\/lacetans.org\/solsonesmemoria\/wp-json\/wp\/v2\/comments?post=779"}],"version-history":[{"count":16,"href":"http:\/\/lacetans.org\/solsonesmemoria\/wp-json\/wp\/v2\/pages\/779\/revisions"}],"predecessor-version":[{"id":800,"href":"http:\/\/lacetans.org\/solsonesmemoria\/wp-json\/wp\/v2\/pages\/779\/revisions\/800"}],"up":[{"embeddable":true,"href":"http:\/\/lacetans.org\/solsonesmemoria\/wp-json\/wp\/v2\/pages\/131"}],"wp:featuredmedia":[{"embeddable":true,"href":"http:\/\/lacetans.org\/solsonesmemoria\/wp-json\/wp\/v2\/media\/781"}],"wp:attachment":[{"href":"http:\/\/lacetans.org\/solsonesmemoria\/wp-json\/wp\/v2\/media?parent=779"}],"curies":[{"name":"wp","href":"https:\/\/api.w.org\/{rel}","templated":true}]}}

Marcel·lí Corominas i Jordi Tàsies. Un immoble al servei de la ciutat (2012)

<p>Marcel·lí Corominas i Cots i Jordi Tasies i Planas, reconstrueixen la història d&#8217;aquest emblemàtic edifici i del seu impacte a la ciutat a través d&#8217;un exhastiu estudi documental.</p>
<p class="hide-if-no-js" style="text-align: center;"><a href="http://lacetans.org/solsonesmemoria/publicacions/marcel%c2%b7li-corominas-i-jordi-tasies-un-immoble-al-servei-de-la-ciutat-2012/llibre-escolapis-portada-p/" rel="attachment wp-att-781"><img loading="lazy" decoding="async" class="aligncenter  wp-image-781" alt="Llibre Escolapis - Portada p" src="http://lacetans.org/solsonesmemoria/wp-content/uploads/2013/03/Llibre-Escolapis-Portada-p-345x474.jpg" width="241" height="332" srcset="http://lacetans.org/solsonesmemoria/wp-content/uploads/2013/03/Llibre-Escolapis-Portada-p-345x474.jpg 345w, http://lacetans.org/solsonesmemoria/wp-content/uploads/2013/03/Llibre-Escolapis-Portada-p-180x247.jpg 180w, http://lacetans.org/solsonesmemoria/wp-content/uploads/2013/03/Llibre-Escolapis-Portada-p-700x962.jpg 700w, http://lacetans.org/solsonesmemoria/wp-content/uploads/2013/03/Llibre-Escolapis-Portada-p.jpg 745w" sizes="(max-width: 241px) 100vw, 241px" /></a></p>
<blockquote class="testimoni-escrit">&#8220;Per no oblidar hem volgut escriure aquest llibre. Una tasca que es va iniciar abans de l’enderroc dels Escolapis, quan aquesta opció encara ens semblava evitable. La recerca documental a què vam dedicar els nostres esforços, aleshores, pretenia donar raons a  aquells que havien de prendre una decisió o una altra, per demostrar-los que aquest col·legi era un element patrimonial important de la nostra identitat i que, per tant, s’havia de preservar i conservar. Perquè la recerca històrica és essencial per a la recuperació del patrimoni, un pas previ i ineludible, diríem, tot i que gairebé sempre es passa per alt.&#8221;
<footer><cite>Marcel·lí Corominas i Jordi Tàsies. Fragment del pròleg del llibre.</cite></footer></blockquote>

<p>Marcel·lí Corominas i Cots i Jordi Tasies i Planas, reconstrueixen la història d&#8217;aquest emblemàtic edifici i del seu impacte a la ciutat a través d&#8217;un exhastiu estudi documental.</p>
