{"id":584,"date":"2013-02-18T11:39:32","date_gmt":"2013-02-18T11:39:32","guid":{"rendered":"http:\/\/lacetans.org\/solsonesmemoria\/seccio-historia\/servei-de-documentacio\/"},"modified":"2013-03-12T22:20:08","modified_gmt":"2013-03-12T22:20:08","slug":"servei-de-documentacio","status":"publish","type":"page","link":"http:\/\/lacetans.org\/solsonesmemoria\/seccio-historia\/servei-de-documentacio\/","title":{"rendered":"Servei de documentaci\u00f3"},"content":{"rendered":"<p>L&#8217;any 2009 el Centre d&#8217;Estudis Lacetans i l&#8217;Arxiu Comarcal del Solson\u00e8s van signar un conveni de col\u00b7laboraci\u00f3 per crear un Servei de documentaci\u00f3 de la II Rep\u00fablica, la guerra civil, el franquisme i la transici\u00f3 democr\u00e0tica.<\/p>\n<p>En aquest Servei s&#8217;ha dipositat documentaci\u00f3 relativa al Solson\u00e8s que es troba en altres arxius de l&#8217;estat i en fons particulars amb l&#8217;objectiu de facilitar l&#8217;estudi i la comprensi\u00f3 dels fets d&#8217;un periode cabdal en la nostra hist\u00f2ria recent.<\/p>\n<p><a title=\"El servei de documentaci\u00f3\" href=\"http:\/\/lacetans.org\/solsonesmemoria\/investigacio\/repressio-franquista\/la-guerra-deja-paso-a-la-represion\/\">Consulta la documentaci\u00f3 disponible.<\/p>\n<p><\/a><\/p>\n","protected":false},"excerpt":{"rendered":"<p>L&#8217;any 2009 el Centre d&#8217;Estudis Lacetans i l&#8217;Arxiu Comarcal del Solson\u00e8s van signar un conveni de col\u00b7laboraci\u00f3 per crear un Servei de documentaci\u00f3 de la II Rep\u00fablica, la guerra civil, el franquisme i la transici\u00f3 democr\u00e0tica. En aquest Servei s&#8217;ha dipositat documentaci\u00f3 relativa al Solson\u00e8s que es troba en altres arxius de l&#8217;estat i en [&hellip;]<\/p>\n","protected":false},"author":2,"featured_media":0,"parent":137,"menu_order":5,"comment_status":"closed","ping_status":"closed","template":"","meta":{"footnotes":""},"class_list":["post-584","page","type-page","status-publish","hentry"],"_links":{"self":[{"href":"http:\/\/lacetans.org\/solsonesmemoria\/wp-json\/wp\/v2\/pages\/584"}],"collection":[{"href":"http:\/\/lacetans.org\/solsonesmemoria\/wp-json\/wp\/v2\/pages"}],"about":[{"href":"http:\/\/lacetans.org\/solsonesmemoria\/wp-json\/wp\/v2\/types\/page"}],"author":[{"embeddable":true,"href":"http:\/\/lacetans.org\/solsonesmemoria\/wp-json\/wp\/v2\/users\/2"}],"replies":[{"embeddable":true,"href":"http:\/\/lacetans.org\/solsonesmemoria\/wp-json\/wp\/v2\/comments?post=584"}],"version-history":[{"count":15,"href":"http:\/\/lacetans.org\/solsonesmemoria\/wp-json\/wp\/v2\/pages\/584\/revisions"}],"predecessor-version":[{"id":585,"href":"http:\/\/lacetans.org\/solsonesmemoria\/wp-json\/wp\/v2\/pages\/584\/revisions\/585"}],"up":[{"embeddable":true,"href":"http:\/\/lacetans.org\/solsonesmemoria\/wp-json\/wp\/v2\/pages\/137"}],"wp:attachment":[{"href":"http:\/\/lacetans.org\/solsonesmemoria\/wp-json\/wp\/v2\/media?parent=584"}],"curies":[{"name":"wp","href":"https:\/\/api.w.org\/{rel}","templated":true}]}}

Servei de documentació

<p>L&#8217;any 2009 el Centre d&#8217;Estudis Lacetans i l&#8217;Arxiu Comarcal del Solsonès van signar un conveni de col·laboració per crear un Servei de documentació de la II República, la guerra civil, el franquisme i la transició democràtica.</p>
<p>En aquest Servei s&#8217;ha dipositat documentació relativa al Solsonès que es troba en altres arxius de l&#8217;estat i en fons particulars amb l&#8217;objectiu de facilitar l&#8217;estudi i la comprensió dels fets d&#8217;un periode cabdal en la nostra història recent.</p>
<p><a title="El servei de documentació" href="http://lacetans.org/solsonesmemoria/investigacio/repressio-franquista/la-guerra-deja-paso-a-la-represion/">Consulta la documentació disponible.</p>
<p></a></p>

<p>L&#8217;any 2009 el Centre d&#8217;Estudis Lacetans i l&#8217;Arxiu Comarcal del Solsonès van signar un conveni de col·laboració per crear un Servei de documentació de la II República, la guerra civil, el franquisme i la transició democràtica. En aquest Servei s&#8217;ha dipositat documentació relativa al Solsonès que es troba en altres arxius de l&#8217;estat i en [&hellip;]</p>
