{"id":514,"date":"2013-01-25T14:51:52","date_gmt":"2013-01-25T14:51:52","guid":{"rendered":"http:\/\/lacetans.org\/solsonesmemoria\/?page_id=514"},"modified":"2014-04-12T11:52:27","modified_gmt":"2014-04-12T11:52:27","slug":"esther-miralles-fotogrames-entre-la-llum-i-la-foscor-el-cinema-al-solsones-al-segle-xx-2008","status":"publish","type":"page","link":"http:\/\/lacetans.org\/solsonesmemoria\/publicacions\/esther-miralles-fotogrames-entre-la-llum-i-la-foscor-el-cinema-al-solsones-al-segle-xx-2008\/","title":{"rendered":"Esther Miralles. Fotogrames entre la llum i la foscor. El Cinema al Solson\u00e8s al segle XX. (2008)"},"content":{"rendered":"<div><blockquote class=\"testimoni-escrit\">Per un territori poc poblat com el Solson\u00e8s el nombre de sales existents va ser considerable. La conflu\u00e8ncia d\u2019un mode de producci\u00f3 eminentment agr\u00edcola, l\u2019exist\u00e8ncia d\u2019unes condicions econ\u00f2miques i materials prec\u00e0ries i l\u2019arrelament de la poblaci\u00f3 al territori foren possibles causes d\u2019un demanda d\u2019oci local. Aquest consum endog\u00e0mic de lleure, a anys llum dels h\u00e0bits culturals actuals, va propiciar la proliferaci\u00f3 de sales de cinema als dos municipis amb m\u00e9s poblaci\u00f3 de la comarca.<br \/>\nAquest llibre vol ser tamb\u00e9 un homenatge a totes aquelles persones que, d\u2019una manera o una altra, han fet possible projectar somnis entre la llum i la foscor al Solson\u00e8s. Tribut extensible a totes les petites poblacions on tenir un cinema \u00e9s o ha estat una petita odissea.\u201d\n<footer><cite>Pr\u00f2leg de Carles Quevedo, director de l\u2019Arxiu Comarcal del Solson\u00e8s.<\/cite><\/footer><\/blockquote><\/p>\n","protected":false},"excerpt":{"rendered":"","protected":false},"author":1,"featured_media":515,"parent":131,"menu_order":44,"comment_status":"closed","ping_status":"closed","template":"","meta":{"footnotes":""},"class_list":["post-514","page","type-page","status-publish","has-post-thumbnail","hentry"],"_links":{"self":[{"href":"http:\/\/lacetans.org\/solsonesmemoria\/wp-json\/wp\/v2\/pages\/514"}],"collection":[{"href":"http:\/\/lacetans.org\/solsonesmemoria\/wp-json\/wp\/v2\/pages"}],"about":[{"href":"http:\/\/lacetans.org\/solsonesmemoria\/wp-json\/wp\/v2\/types\/page"}],"author":[{"embeddable":true,"href":"http:\/\/lacetans.org\/solsonesmemoria\/wp-json\/wp\/v2\/users\/1"}],"replies":[{"embeddable":true,"href":"http:\/\/lacetans.org\/solsonesmemoria\/wp-json\/wp\/v2\/comments?post=514"}],"version-history":[{"count":7,"href":"http:\/\/lacetans.org\/solsonesmemoria\/wp-json\/wp\/v2\/pages\/514\/revisions"}],"predecessor-version":[{"id":1018,"href":"http:\/\/lacetans.org\/solsonesmemoria\/wp-json\/wp\/v2\/pages\/514\/revisions\/1018"}],"up":[{"embeddable":true,"href":"http:\/\/lacetans.org\/solsonesmemoria\/wp-json\/wp\/v2\/pages\/131"}],"wp:featuredmedia":[{"embeddable":true,"href":"http:\/\/lacetans.org\/solsonesmemoria\/wp-json\/wp\/v2\/media\/515"}],"wp:attachment":[{"href":"http:\/\/lacetans.org\/solsonesmemoria\/wp-json\/wp\/v2\/media?parent=514"}],"curies":[{"name":"wp","href":"https:\/\/api.w.org\/{rel}","templated":true}]}}

Esther Miralles. Fotogrames entre la llum i la foscor. El Cinema al Solsonès al segle XX. (2008)

<div><blockquote class="testimoni-escrit">Per un territori poc poblat com el Solsonès el nombre de sales existents va ser considerable. La confluència d’un mode de producció eminentment agrícola, l’existència d’unes condicions econòmiques i materials precàries i l’arrelament de la població al territori foren possibles causes d’un demanda d’oci local. Aquest consum endogàmic de lleure, a anys llum dels hàbits culturals actuals, va propiciar la proliferació de sales de cinema als dos municipis amb més població de la comarca.<br />
Aquest llibre vol ser també un homenatge a totes aquelles persones que, d’una manera o una altra, han fet possible projectar somnis entre la llum i la foscor al Solsonès. Tribut extensible a totes les petites poblacions on tenir un cinema és o ha estat una petita odissea.”
<footer><cite>Pròleg de Carles Quevedo, director de l’Arxiu Comarcal del Solsonès.</cite></footer></blockquote></p>
