{"id":502,"date":"2013-01-25T14:41:42","date_gmt":"2013-01-25T14:41:42","guid":{"rendered":"http:\/\/lacetans.org\/solsonesmemoria\/?page_id=502"},"modified":"2014-04-12T11:52:27","modified_gmt":"2014-04-12T11:52:27","slug":"oppidum-9","status":"publish","type":"page","link":"http:\/\/lacetans.org\/solsonesmemoria\/publicacions\/oppidum-9\/","title":{"rendered":"Oppidum 9"},"content":{"rendered":"<p>Carles Quevedo i Garcia. Els (mal)anomenats papers de Salamanca i el Solson\u00e8s. Un solson\u00ed a l\u2019Oficina de Recuperaci\u00f3n de Documentos (1937-1939).<\/p>\n<p>Joan Vilamala i Terricabres. Segimon Pujol i Santal\u00f3, \u201cestatuari acreditat\u201d, escultor de Sant Lloren\u00e7 de Morunys.<\/p>\n<p>Jordi Torner i Planell. Un projecte museol\u00f2gic en temps de guerra (1937). El Museu de la vegueria de Manresa.<\/p>\n<p>Marcel Camps i Colom\u00e9s. La literatura al Solson\u00e8s: una primera aproximaci\u00f3.<\/p>\n<p>Maria Gargant\u00e9 i Llanes. El bisbe Lasala i el seu mecenatge art\u00edstic a la ciutat de Solsona.<\/p>\n<p>Ramon Planes i Albets. Pagar per evitar el servei militar espanyol: el conveni de Lladurs de 1852 i (el fot\u00f2graf) Adolf Mas alliberat d\u2019anar a les Filipines.<\/p>\n<p>Robert Dur\u00f3 i Fort. La pres\u00f3 de Solsona durant la Guerra Civil. 1938-1939.<\/p>\n","protected":false},"excerpt":{"rendered":"<p>Carles Quevedo i Garcia. Els (mal)anomenats papers de Salamanca i el Solson\u00e8s. Un solson\u00ed a l\u2019Oficina de Recuperaci\u00f3n de Documentos (1937-1939). Joan Vilamala i Terricabres. Segimon Pujol i Santal\u00f3, \u201cestatuari acreditat\u201d, escultor de Sant Lloren\u00e7 de Morunys. Jordi Torner i Planell. Un projecte museol\u00f2gic en temps de guerra (1937). El Museu de la vegueria de [&hellip;]<\/p>\n","protected":false},"author":1,"featured_media":503,"parent":131,"menu_order":12,"comment_status":"closed","ping_status":"closed","template":"","meta":{"footnotes":""},"class_list":["post-502","page","type-page","status-publish","has-post-thumbnail","hentry"],"_links":{"self":[{"href":"http:\/\/lacetans.org\/solsonesmemoria\/wp-json\/wp\/v2\/pages\/502"}],"collection":[{"href":"http:\/\/lacetans.org\/solsonesmemoria\/wp-json\/wp\/v2\/pages"}],"about":[{"href":"http:\/\/lacetans.org\/solsonesmemoria\/wp-json\/wp\/v2\/types\/page"}],"author":[{"embeddable":true,"href":"http:\/\/lacetans.org\/solsonesmemoria\/wp-json\/wp\/v2\/users\/1"}],"replies":[{"embeddable":true,"href":"http:\/\/lacetans.org\/solsonesmemoria\/wp-json\/wp\/v2\/comments?post=502"}],"version-history":[{"count":10,"href":"http:\/\/lacetans.org\/solsonesmemoria\/wp-json\/wp\/v2\/pages\/502\/revisions"}],"predecessor-version":[{"id":1007,"href":"http:\/\/lacetans.org\/solsonesmemoria\/wp-json\/wp\/v2\/pages\/502\/revisions\/1007"}],"up":[{"embeddable":true,"href":"http:\/\/lacetans.org\/solsonesmemoria\/wp-json\/wp\/v2\/pages\/131"}],"wp:featuredmedia":[{"embeddable":true,"href":"http:\/\/lacetans.org\/solsonesmemoria\/wp-json\/wp\/v2\/media\/503"}],"wp:attachment":[{"href":"http:\/\/lacetans.org\/solsonesmemoria\/wp-json\/wp\/v2\/media?parent=502"}],"curies":[{"name":"wp","href":"https:\/\/api.w.org\/{rel}","templated":true}]}}

<p>Carles Quevedo i Garcia. Els (mal)anomenats papers de Salamanca i el Solsonès. Un solsoní a l’Oficina de Recuperación de Documentos (1937-1939).</p>
<p>Joan Vilamala i Terricabres. Segimon Pujol i Santaló, “estatuari acreditat”, escultor de Sant Llorenç de Morunys.</p>
<p>Jordi Torner i Planell. Un projecte museològic en temps de guerra (1937). El Museu de la vegueria de Manresa.</p>
<p>Marcel Camps i Colomés. La literatura al Solsonès: una primera aproximació.</p>
<p>Maria Garganté i Llanes. El bisbe Lasala i el seu mecenatge artístic a la ciutat de Solsona.</p>
<p>Ramon Planes i Albets. Pagar per evitar el servei militar espanyol: el conveni de Lladurs de 1852 i (el fotògraf) Adolf Mas alliberat d’anar a les Filipines.</p>
<p>Robert Duró i Fort. La presó de Solsona durant la Guerra Civil. 1938-1939.</p>

<p>Carles Quevedo i Garcia. Els (mal)anomenats papers de Salamanca i el Solsonès. Un solsoní a l’Oficina de Recuperación de Documentos (1937-1939). Joan Vilamala i Terricabres. Segimon Pujol i Santaló, “estatuari acreditat”, escultor de Sant Llorenç de Morunys. Jordi Torner i Planell. Un projecte museològic en temps de guerra (1937). El Museu de la vegueria de [&hellip;]</p>
