{"id":498,"date":"2013-01-25T14:40:33","date_gmt":"2013-01-25T14:40:33","guid":{"rendered":"http:\/\/lacetans.org\/solsonesmemoria\/?page_id=498"},"modified":"2014-04-12T11:52:27","modified_gmt":"2014-04-12T11:52:27","slug":"oppidum-8","status":"publish","type":"page","link":"http:\/\/lacetans.org\/solsonesmemoria\/publicacions\/oppidum-8\/","title":{"rendered":"Oppidum 8"},"content":{"rendered":"<p>Claustre Aug\u00e9 i Serra, Voravit Roonthiva. La Pedra: vida i obra d\u2019un retaule.<\/p>\n<p>David Guix\u00e9, Gl\u00f2ria Mujal, Montse Rodr\u00edguez, Ferm\u00ed Sort, N\u00faria Serena.\u00a0 Estat ecol\u00f2gic dels boscos de ribera del municipi de Solsona. Propostes de gesti\u00f3.<\/p>\n<p>Enric Bertran i Gonz\u00e0lez. El Cicle de confer\u00e8ncies sobre la divisi\u00f3 territorial de Catalunya (Solsona, 1985), organitzat pel Centre d\u2019Estudis del Solson\u00e8s.<\/p>\n<p>Isidre Fern\u00e1ndez i Berm\u00fadez, Elisenda Asturiol i Castell\u00f3. L\u2019escultor Jacint Morat\u00f3 Soler: Castellter\u00e7ol, 1682 \u2013 Solsona, 1736<\/p>\n<p>Jaume Adam\u00a0 i Vidal. El terme parroquial de Sant Juli\u00e0 dels Torrents al tombant del segle XVI<\/p>\n<p>Josep Castany, L\u00eddia F\u00e0bregas, Montse Marsi\u00f1ach. El Grup de Prehist\u00f2ria del Solson\u00e8s (GPS). La prehist\u00f2ria a la comarca avui.<\/p>\n<p>Pere Cascante i Torrella. Resultats de les darreres intervencions arqueol\u00f2giques portades a terme al nucli antic de Solsona (Solson\u00e8s)<\/p>\n","protected":false},"excerpt":{"rendered":"<p>Claustre Aug\u00e9 i Serra, Voravit Roonthiva. La Pedra: vida i obra d\u2019un retaule. David Guix\u00e9, Gl\u00f2ria Mujal, Montse Rodr\u00edguez, Ferm\u00ed Sort, N\u00faria Serena.\u00a0 Estat ecol\u00f2gic dels boscos de ribera del municipi de Solsona. Propostes de gesti\u00f3. Enric Bertran i Gonz\u00e0lez. El Cicle de confer\u00e8ncies sobre la divisi\u00f3 territorial de Catalunya (Solsona, 1985), organitzat pel Centre [&hellip;]<\/p>\n","protected":false},"author":1,"featured_media":499,"parent":131,"menu_order":14,"comment_status":"closed","ping_status":"closed","template":"","meta":{"footnotes":""},"class_list":["post-498","page","type-page","status-publish","has-post-thumbnail","hentry"],"_links":{"self":[{"href":"http:\/\/lacetans.org\/solsonesmemoria\/wp-json\/wp\/v2\/pages\/498"}],"collection":[{"href":"http:\/\/lacetans.org\/solsonesmemoria\/wp-json\/wp\/v2\/pages"}],"about":[{"href":"http:\/\/lacetans.org\/solsonesmemoria\/wp-json\/wp\/v2\/types\/page"}],"author":[{"embeddable":true,"href":"http:\/\/lacetans.org\/solsonesmemoria\/wp-json\/wp\/v2\/users\/1"}],"replies":[{"embeddable":true,"href":"http:\/\/lacetans.org\/solsonesmemoria\/wp-json\/wp\/v2\/comments?post=498"}],"version-history":[{"count":8,"href":"http:\/\/lacetans.org\/solsonesmemoria\/wp-json\/wp\/v2\/pages\/498\/revisions"}],"predecessor-version":[{"id":1008,"href":"http:\/\/lacetans.org\/solsonesmemoria\/wp-json\/wp\/v2\/pages\/498\/revisions\/1008"}],"up":[{"embeddable":true,"href":"http:\/\/lacetans.org\/solsonesmemoria\/wp-json\/wp\/v2\/pages\/131"}],"wp:featuredmedia":[{"embeddable":true,"href":"http:\/\/lacetans.org\/solsonesmemoria\/wp-json\/wp\/v2\/media\/499"}],"wp:attachment":[{"href":"http:\/\/lacetans.org\/solsonesmemoria\/wp-json\/wp\/v2\/media?parent=498"}],"curies":[{"name":"wp","href":"https:\/\/api.w.org\/{rel}","templated":true}]}}

<p>Claustre Augé i Serra, Voravit Roonthiva. La Pedra: vida i obra d’un retaule.</p>
<p>David Guixé, Glòria Mujal, Montse Rodríguez, Fermí Sort, Núria Serena.  Estat ecològic dels boscos de ribera del municipi de Solsona. Propostes de gestió.</p>
<p>Enric Bertran i Gonzàlez. El Cicle de conferències sobre la divisió territorial de Catalunya (Solsona, 1985), organitzat pel Centre d’Estudis del Solsonès.</p>
<p>Isidre Fernández i Bermúdez, Elisenda Asturiol i Castelló. L’escultor Jacint Morató Soler: Castellterçol, 1682 – Solsona, 1736</p>
<p>Jaume Adam  i Vidal. El terme parroquial de Sant Julià dels Torrents al tombant del segle XVI</p>
<p>Josep Castany, Lídia Fàbregas, Montse Marsiñach. El Grup de Prehistòria del Solsonès (GPS). La prehistòria a la comarca avui.</p>
<p>Pere Cascante i Torrella. Resultats de les darreres intervencions arqueològiques portades a terme al nucli antic de Solsona (Solsonès)</p>

<p>Claustre Augé i Serra, Voravit Roonthiva. La Pedra: vida i obra d’un retaule. David Guixé, Glòria Mujal, Montse Rodríguez, Fermí Sort, Núria Serena.  Estat ecològic dels boscos de ribera del municipi de Solsona. Propostes de gestió. Enric Bertran i Gonzàlez. El Cicle de conferències sobre la divisió territorial de Catalunya (Solsona, 1985), organitzat pel Centre [&hellip;]</p>
