{"id":494,"date":"2013-01-25T14:39:21","date_gmt":"2013-01-25T14:39:21","guid":{"rendered":"http:\/\/lacetans.org\/solsonesmemoria\/?page_id=494"},"modified":"2014-04-12T11:52:27","modified_gmt":"2014-04-12T11:52:27","slug":"oppidum-7","status":"publish","type":"page","link":"http:\/\/lacetans.org\/solsonesmemoria\/publicacions\/oppidum-7\/","title":{"rendered":"Oppidum 7"},"content":{"rendered":"<table id=\"DataTables_Table_0\">\n<tbody role=\"alert\">\n<tr>\n<td valign=\"top\" width=\"147\">Claustre Rafart i Planas<\/td>\n<td valign=\"top\" width=\"248\">Nova lectura d\u2019un monstre i un cavall de Pablo Picasso<\/td>\n<\/tr>\n<tr>\n<td valign=\"top\" width=\"147\">Esther Miralles i Henares,Jordi Guix\u00e9 I Coromines<\/td>\n<td valign=\"top\" width=\"248\">V\u00edctimes de la Guerra civil I el franquisme al Solson\u00e8s de fora de la comarca (1936-1954)<\/td>\n<\/tr>\n<tr>\n<td valign=\"top\" width=\"147\">Jaume Adam i Vidal<\/td>\n<td valign=\"top\" width=\"248\">Not\u00edcia d\u2019un plet a la Vila de Sant Lloren\u00e7 de Morunys a finals del segle XVIII<\/td>\n<\/tr>\n<tr>\n<td valign=\"top\" width=\"147\">Montserrat Mol\u00ed i Frigola<\/td>\n<td valign=\"top\" width=\"248\">El paisatge del Retaule del Miracle<\/td>\n<\/tr>\n<tr>\n<td valign=\"top\" width=\"147\">Ramon Planes i Albets<\/td>\n<td valign=\"top\" width=\"248\">El testament del mercader Pere C\u00f2dol (sant Lloren\u00e7 de Morunys, 1438) i el retaule del Sant Esperit i Sant Joan Evangelista de Pere Serra<\/td>\n<\/tr>\n<tr>\n<td valign=\"top\" width=\"147\">Rosa Maria Vila i Gangolells,Jordi Torner i Planell<\/td>\n<td valign=\"top\" width=\"248\">Inventariaci\u00f3 del fons documental de les mines de Cardona (s.XX). Algunes reflexions metodol\u00f2giques.<\/td>\n<\/tr>\n<\/tbody>\n<\/table>\n","protected":false},"excerpt":{"rendered":"<p>Claustre Rafart i Planas Nova lectura d\u2019un monstre i un cavall de Pablo Picasso Esther Miralles i Henares,Jordi Guix\u00e9 I Coromines V\u00edctimes de la Guerra civil I el franquisme al Solson\u00e8s de fora de la comarca (1936-1954) Jaume Adam i Vidal Not\u00edcia d\u2019un plet a la Vila de Sant Lloren\u00e7 de Morunys a finals del [&hellip;]<\/p>\n","protected":false},"author":1,"featured_media":495,"parent":131,"menu_order":16,"comment_status":"closed","ping_status":"closed","template":"","meta":{"footnotes":""},"class_list":["post-494","page","type-page","status-publish","has-post-thumbnail","hentry"],"_links":{"self":[{"href":"http:\/\/lacetans.org\/solsonesmemoria\/wp-json\/wp\/v2\/pages\/494"}],"collection":[{"href":"http:\/\/lacetans.org\/solsonesmemoria\/wp-json\/wp\/v2\/pages"}],"about":[{"href":"http:\/\/lacetans.org\/solsonesmemoria\/wp-json\/wp\/v2\/types\/page"}],"author":[{"embeddable":true,"href":"http:\/\/lacetans.org\/solsonesmemoria\/wp-json\/wp\/v2\/users\/1"}],"replies":[{"embeddable":true,"href":"http:\/\/lacetans.org\/solsonesmemoria\/wp-json\/wp\/v2\/comments?post=494"}],"version-history":[{"count":8,"href":"http:\/\/lacetans.org\/solsonesmemoria\/wp-json\/wp\/v2\/pages\/494\/revisions"}],"predecessor-version":[{"id":1009,"href":"http:\/\/lacetans.org\/solsonesmemoria\/wp-json\/wp\/v2\/pages\/494\/revisions\/1009"}],"up":[{"embeddable":true,"href":"http:\/\/lacetans.org\/solsonesmemoria\/wp-json\/wp\/v2\/pages\/131"}],"wp:featuredmedia":[{"embeddable":true,"href":"http:\/\/lacetans.org\/solsonesmemoria\/wp-json\/wp\/v2\/media\/495"}],"wp:attachment":[{"href":"http:\/\/lacetans.org\/solsonesmemoria\/wp-json\/wp\/v2\/media?parent=494"}],"curies":[{"name":"wp","href":"https:\/\/api.w.org\/{rel}","templated":true}]}}

<table id="DataTables_Table_0">
<tbody role="alert">
<tr>
<td valign="top" width="147">Claustre Rafart i Planas</td>
<td valign="top" width="248">Nova lectura d’un monstre i un cavall de Pablo Picasso</td>
</tr>
<tr>
<td valign="top" width="147">Esther Miralles i Henares,Jordi Guixé I Coromines</td>
<td valign="top" width="248">Víctimes de la Guerra civil I el franquisme al Solsonès de fora de la comarca (1936-1954)</td>
</tr>
<tr>
<td valign="top" width="147">Jaume Adam i Vidal</td>
<td valign="top" width="248">Notícia d’un plet a la Vila de Sant Llorenç de Morunys a finals del segle XVIII</td>
</tr>
<tr>
<td valign="top" width="147">Montserrat Molí i Frigola</td>
<td valign="top" width="248">El paisatge del Retaule del Miracle</td>
</tr>
<tr>
<td valign="top" width="147">Ramon Planes i Albets</td>
<td valign="top" width="248">El testament del mercader Pere Còdol (sant Llorenç de Morunys, 1438) i el retaule del Sant Esperit i Sant Joan Evangelista de Pere Serra</td>
</tr>
<tr>
<td valign="top" width="147">Rosa Maria Vila i Gangolells,Jordi Torner i Planell</td>
<td valign="top" width="248">Inventariació del fons documental de les mines de Cardona (s.XX). Algunes reflexions metodològiques.</td>
</tr>
</tbody>
</table>

<p>Claustre Rafart i Planas Nova lectura d’un monstre i un cavall de Pablo Picasso Esther Miralles i Henares,Jordi Guixé I Coromines Víctimes de la Guerra civil I el franquisme al Solsonès de fora de la comarca (1936-1954) Jaume Adam i Vidal Notícia d’un plet a la Vila de Sant Llorenç de Morunys a finals del [&hellip;]</p>
