{"id":486,"date":"2013-01-25T14:34:37","date_gmt":"2013-01-25T14:34:37","guid":{"rendered":"http:\/\/lacetans.org\/solsonesmemoria\/?page_id=486"},"modified":"2014-04-12T11:52:27","modified_gmt":"2014-04-12T11:52:27","slug":"oppidum-5","status":"publish","type":"page","link":"http:\/\/lacetans.org\/solsonesmemoria\/publicacions\/oppidum-5\/","title":{"rendered":"Oppidum 5"},"content":{"rendered":"<p><b>4 <\/b><i>Un cant a la primavera. Les caramelles del Solson\u00e9s<\/i><\/p>\n<p>Felip Vendrell<\/p>\n<p><b>12 <\/b><i>EIs bolets a les pinedes del Solson\u00e9s<\/i><\/p>\n<p>Juan Mart\u00ednez de Arag\u00f3n, Jos\u00e9 Antonio Bonet, Daniel Oliach, Fischer Christine,<\/p>\n<p>Carlos Colinas<\/p>\n<p><b>22 <\/b><i>L\u2019assentament ib\u00e9ric de Sant Esteve d\u2019Olius (Olius, Solson\u00e9s): intervenci\u00f3 a<\/i><\/p>\n<p><i>la muralla i al cam\u00ed d\u2019acc\u00e9s. Primera fase de l\u2019adequaci\u00f3 del camp de sitges<\/i><\/p>\n<p><i>fortificat del segle II aC.<\/i><\/p>\n<p>Jordi Chor\u00e9n, Noelia Calduch<\/p>\n<p><b>34 <\/b><i>La Necr\u00f3polis megal\u00edtica del collet del S\u00e1lzer. (Od\u00e9n, Solson\u00e9s)<\/i><\/p>\n<p>Josep Castany, L\u00eddia F\u00e0bregas, Llu\u00eds Guerrero, Ariadna Baulenas<\/p>\n<p><b>Suman<\/b><\/p>\n<p><b>44 <\/b><i>El Comtat de Cardona, l\u2019any 1433. Territori i homes segons les presses de<\/i><\/p>\n<p><i>possessi\u00f3 fetes per Joan de Marimon, ciutad\u00e0 honrat de Barcelona.<\/i><\/p>\n<p>Andreu Galera<\/p>\n<p><b>56 <\/b><i>El ferrocarril de Bassella. Cr\u00f3nica d\u2019un projecte oblidat<\/i><\/p>\n<p>Esther Miralles<\/p>\n<p><b>70 <\/b><i>El setmanari El Rebenque.<\/i><\/p>\n<p>Notes d\u2019un conflicte pel control del poder local a Solsona de comen\u00e7aments del<\/p>\n<p>segle XX.<\/p>\n<p>CarIes Quevedo<\/p>\n<p><b>84 <\/b><i>Els deportats solsonins als camps nazis<\/i><\/p>\n<p>Jordi Guix\u00e9<\/p>\n","protected":false},"excerpt":{"rendered":"<p>4 Un cant a la primavera. Les caramelles del Solson\u00e9s Felip Vendrell 12 EIs bolets a les pinedes del Solson\u00e9s Juan Mart\u00ednez de Arag\u00f3n, Jos\u00e9 Antonio Bonet, Daniel Oliach, Fischer Christine, Carlos Colinas 22 L\u2019assentament ib\u00e9ric de Sant Esteve d\u2019Olius (Olius, Solson\u00e9s): intervenci\u00f3 a la muralla i al cam\u00ed d\u2019acc\u00e9s. Primera fase de l\u2019adequaci\u00f3 del [&hellip;]<\/p>\n","protected":false},"author":1,"featured_media":487,"parent":131,"menu_order":20,"comment_status":"closed","ping_status":"closed","template":"","meta":{"footnotes":""},"class_list":["post-486","page","type-page","status-publish","has-post-thumbnail","hentry"],"_links":{"self":[{"href":"http:\/\/lacetans.org\/solsonesmemoria\/wp-json\/wp\/v2\/pages\/486"}],"collection":[{"href":"http:\/\/lacetans.org\/solsonesmemoria\/wp-json\/wp\/v2\/pages"}],"about":[{"href":"http:\/\/lacetans.org\/solsonesmemoria\/wp-json\/wp\/v2\/types\/page"}],"author":[{"embeddable":true,"href":"http:\/\/lacetans.org\/solsonesmemoria\/wp-json\/wp\/v2\/users\/1"}],"replies":[{"embeddable":true,"href":"http:\/\/lacetans.org\/solsonesmemoria\/wp-json\/wp\/v2\/comments?post=486"}],"version-history":[{"count":6,"href":"http:\/\/lacetans.org\/solsonesmemoria\/wp-json\/wp\/v2\/pages\/486\/revisions"}],"predecessor-version":[{"id":1011,"href":"http:\/\/lacetans.org\/solsonesmemoria\/wp-json\/wp\/v2\/pages\/486\/revisions\/1011"}],"up":[{"embeddable":true,"href":"http:\/\/lacetans.org\/solsonesmemoria\/wp-json\/wp\/v2\/pages\/131"}],"wp:featuredmedia":[{"embeddable":true,"href":"http:\/\/lacetans.org\/solsonesmemoria\/wp-json\/wp\/v2\/media\/487"}],"wp:attachment":[{"href":"http:\/\/lacetans.org\/solsonesmemoria\/wp-json\/wp\/v2\/media?parent=486"}],"curies":[{"name":"wp","href":"https:\/\/api.w.org\/{rel}","templated":true}]}}

<p><b>4 </b><i>Un cant a la primavera. Les caramelles del Solsonés</i></p>
<p>Felip Vendrell</p>
<p><b>12 </b><i>EIs bolets a les pinedes del Solsonés</i></p>
<p>Juan Martínez de Aragón, José Antonio Bonet, Daniel Oliach, Fischer Christine,</p>
<p>Carlos Colinas</p>
<p><b>22 </b><i>L’assentament ibéric de Sant Esteve d’Olius (Olius, Solsonés): intervenció a</i></p>
<p><i>la muralla i al camí d’accés. Primera fase de l’adequació del camp de sitges</i></p>
<p><i>fortificat del segle II aC.</i></p>
<p>Jordi Chorén, Noelia Calduch</p>
<p><b>34 </b><i>La Necrópolis megalítica del collet del Sálzer. (Odén, Solsonés)</i></p>
<p>Josep Castany, Lídia Fàbregas, Lluís Guerrero, Ariadna Baulenas</p>
<p><b>Suman</b></p>
<p><b>44 </b><i>El Comtat de Cardona, l’any 1433. Territori i homes segons les presses de</i></p>
<p><i>possessió fetes per Joan de Marimon, ciutadà honrat de Barcelona.</i></p>
<p>Andreu Galera</p>
<p><b>56 </b><i>El ferrocarril de Bassella. Crónica d’un projecte oblidat</i></p>
<p>Esther Miralles</p>
<p><b>70 </b><i>El setmanari El Rebenque.</i></p>
<p>Notes d’un conflicte pel control del poder local a Solsona de començaments del</p>
<p>segle XX.</p>
<p>CarIes Quevedo</p>
<p><b>84 </b><i>Els deportats solsonins als camps nazis</i></p>
<p>Jordi Guixé</p>

<p>4 Un cant a la primavera. Les caramelles del Solsonés Felip Vendrell 12 EIs bolets a les pinedes del Solsonés Juan Martínez de Aragón, José Antonio Bonet, Daniel Oliach, Fischer Christine, Carlos Colinas 22 L’assentament ibéric de Sant Esteve d’Olius (Olius, Solsonés): intervenció a la muralla i al camí d’accés. Primera fase de l’adequació del [&hellip;]</p>
