{"id":474,"date":"2013-01-25T14:22:32","date_gmt":"2013-01-25T14:22:32","guid":{"rendered":"http:\/\/lacetans.org\/solsonesmemoria\/?page_id=474"},"modified":"2014-04-12T11:52:27","modified_gmt":"2014-04-12T11:52:27","slug":"oppidum-2","status":"publish","type":"page","link":"http:\/\/lacetans.org\/solsonesmemoria\/publicacions\/oppidum-2\/","title":{"rendered":"Oppidum 2"},"content":{"rendered":"<p><b>5 <\/b><i>Presentaci\u00f3<\/i><\/p>\n<p><b>7 <\/b><i>A prop\u00f2sit deis poblats preromans de la comarca del Solson\u00e8s: una<\/i><\/p>\n<p><i>autorevisi\u00f3 cr\u00edtica i noves propostes te\u00f2riques.<\/i><\/p>\n<p>Miquel Cura i Morera<\/p>\n<p><b>15 <\/b><i>En record a Miquel Cura \u00a1 Morera<\/i><\/p>\n<p>Llu\u00eds Guerrero i Sala<\/p>\n<p><b>19 <\/b><i>El fons de I\u2019Ajuntament de la Ciutat de Solsona de l\u2019Arxiu Hist\u00f2ric Comarcal<\/i><\/p>\n<p><i>de Solsona<\/i><\/p>\n<p>Maite Pedrol Gim\u00e9nez<\/p>\n<p><b>29 <\/b><i>El testament del mercader Joan de Llobera (Barcelona 1437)<\/i><\/p>\n<p>Ramon Planes i Albets<\/p>\n<p><b>47 <\/b><i>Notes ornitol\u00f2giques de la comarca del Solson\u00e8s (prov\u00edncia de Lleida)<\/i><\/p>\n<p>Florenci Codina Reig i Joan Parramon Marb\u00e0<\/p>\n<p><b>59 <\/b><i>Els c\u00e0tars a Solsona<\/i><\/p>\n<p>Enric Bartrina i Corominas<\/p>\n<p><b>71 <\/b><i>El proc\u00e9s d\u2019execuci\u00f3 d\u2019un breu apost\u00f2lic de l\u2019any 1704 relacionat amb<\/i><\/p>\n<p><i>l\u2019esgl\u00e9sia de Santa Maria del Socors de l\u2019Hospital de Pobres de Solsona<\/i><\/p>\n<p>Josep M. Llobet i Portella<\/p>\n<p><b>81 <\/b><i>El jaciment de la Codina (PinelI, Solson\u00e9s): un assentament d\u2019\u00e8poca<\/i><\/p>\n<p><i>ib\u00e9rica, romana i medieval.<\/i><\/p>\n<p>David Asensio i Vilar\u00f3, Ramon Cardona i Colell, Conxita Ferrer i \u00c0lvarez,<\/p>\n<p>Jordi Morer de Lorens, Josep Pou i Vall\u00e8s<\/p>\n<p><b>95 <\/b><i>El jaciment ib\u00e8ric de Sant Esteve d\u2019Olius (Olius, Solson\u00e8s): un centre<\/i><\/p>\n<p><i>d\u2019acumulaci\u00f3 d\u2019excedent agr\u00edcola del segle III aC a la Lacet\u00e1nia.<\/i><\/p>\n<p>David Asensio i Vilar\u00f3, Ramon Cardona i Colell, Conxita Ferrer i \u00c0lvarez, Jordi<\/p>\n<p>Morer de Lorens, Josep Pou i Vall\u00e8s<\/p>\n<p><b>105 <\/b><i>La m\u00fasica en el santuari del Miracle. L\u2019orgue, els organistes i altres m\u00fasics<\/i><\/p>\n<p>Daniel Codina i Giol<\/p>\n<p><b>113 <\/b><i>La planificaci\u00f3 forestal en els boscos d\u2019Utilitat P\u00fablica al Solson\u00e8s<\/i><\/p>\n<p>Ester Blanco Casellas i Jordi Gen\u00e9 Sera<\/p>\n<p><b>121 <\/b><i>De l\u2019aplec de Pasqua a la fira del Miracle<\/i><\/p>\n<p>Enric Bertran Gonz\u00e0lez<\/p>\n<p><b>129 <\/b><i>Del g\u00f2tic a un cert classicisme: de les obres de la Catedral de Solsona a la<\/i><\/p>\n<p><i>construcci\u00f3 de l\u2019Hospital de Pere M\u00e1rtir Colom\u00e9s.<\/i><\/p>\n<p>Maria Gargant\u00e9 Llanes<\/p>\n<p><b>141 <\/b><i>Carta d\u2019un arque\u00f2leg a Miquel Cura des de Solsona<\/i><\/p>\n<p>Josep Castany i Lluss\u00e0<\/p>\n","protected":false},"excerpt":{"rendered":"<p>5 Presentaci\u00f3 7 A prop\u00f2sit deis poblats preromans de la comarca del Solson\u00e8s: una autorevisi\u00f3 cr\u00edtica i noves propostes te\u00f2riques. Miquel Cura i Morera 15 En record a Miquel Cura \u00a1 Morera Llu\u00eds Guerrero i Sala 19 El fons de I\u2019Ajuntament de la Ciutat de Solsona de l\u2019Arxiu Hist\u00f2ric Comarcal de Solsona Maite Pedrol Gim\u00e9nez [&hellip;]<\/p>\n","protected":false},"author":1,"featured_media":475,"parent":131,"menu_order":25,"comment_status":"closed","ping_status":"closed","template":"","meta":{"footnotes":""},"class_list":["post-474","page","type-page","status-publish","has-post-thumbnail","hentry"],"_links":{"self":[{"href":"http:\/\/lacetans.org\/solsonesmemoria\/wp-json\/wp\/v2\/pages\/474"}],"collection":[{"href":"http:\/\/lacetans.org\/solsonesmemoria\/wp-json\/wp\/v2\/pages"}],"about":[{"href":"http:\/\/lacetans.org\/solsonesmemoria\/wp-json\/wp\/v2\/types\/page"}],"author":[{"embeddable":true,"href":"http:\/\/lacetans.org\/solsonesmemoria\/wp-json\/wp\/v2\/users\/1"}],"replies":[{"embeddable":true,"href":"http:\/\/lacetans.org\/solsonesmemoria\/wp-json\/wp\/v2\/comments?post=474"}],"version-history":[{"count":5,"href":"http:\/\/lacetans.org\/solsonesmemoria\/wp-json\/wp\/v2\/pages\/474\/revisions"}],"predecessor-version":[{"id":1014,"href":"http:\/\/lacetans.org\/solsonesmemoria\/wp-json\/wp\/v2\/pages\/474\/revisions\/1014"}],"up":[{"embeddable":true,"href":"http:\/\/lacetans.org\/solsonesmemoria\/wp-json\/wp\/v2\/pages\/131"}],"wp:featuredmedia":[{"embeddable":true,"href":"http:\/\/lacetans.org\/solsonesmemoria\/wp-json\/wp\/v2\/media\/475"}],"wp:attachment":[{"href":"http:\/\/lacetans.org\/solsonesmemoria\/wp-json\/wp\/v2\/media?parent=474"}],"curies":[{"name":"wp","href":"https:\/\/api.w.org\/{rel}","templated":true}]}}

<p><b>5 </b><i>Presentació</i></p>
<p><b>7 </b><i>A propòsit deis poblats preromans de la comarca del Solsonès: una</i></p>
<p><i>autorevisió crítica i noves propostes teòriques.</i></p>
<p>Miquel Cura i Morera</p>
<p><b>15 </b><i>En record a Miquel Cura ¡ Morera</i></p>
<p>Lluís Guerrero i Sala</p>
<p><b>19 </b><i>El fons de I’Ajuntament de la Ciutat de Solsona de l’Arxiu Històric Comarcal</i></p>
<p><i>de Solsona</i></p>
<p>Maite Pedrol Giménez</p>
<p><b>29 </b><i>El testament del mercader Joan de Llobera (Barcelona 1437)</i></p>
<p>Ramon Planes i Albets</p>
<p><b>47 </b><i>Notes ornitològiques de la comarca del Solsonès (província de Lleida)</i></p>
<p>Florenci Codina Reig i Joan Parramon Marbà</p>
<p><b>59 </b><i>Els càtars a Solsona</i></p>
<p>Enric Bartrina i Corominas</p>
<p><b>71 </b><i>El procés d’execució d’un breu apostòlic de l’any 1704 relacionat amb</i></p>
<p><i>l’església de Santa Maria del Socors de l’Hospital de Pobres de Solsona</i></p>
<p>Josep M. Llobet i Portella</p>
<p><b>81 </b><i>El jaciment de la Codina (PinelI, Solsonés): un assentament d’època</i></p>
<p><i>ibérica, romana i medieval.</i></p>
<p>David Asensio i Vilaró, Ramon Cardona i Colell, Conxita Ferrer i Àlvarez,</p>
<p>Jordi Morer de Lorens, Josep Pou i Vallès</p>
<p><b>95 </b><i>El jaciment ibèric de Sant Esteve d’Olius (Olius, Solsonès): un centre</i></p>
<p><i>d’acumulació d’excedent agrícola del segle III aC a la Lacetánia.</i></p>
<p>David Asensio i Vilaró, Ramon Cardona i Colell, Conxita Ferrer i Àlvarez, Jordi</p>
<p>Morer de Lorens, Josep Pou i Vallès</p>
<p><b>105 </b><i>La música en el santuari del Miracle. L’orgue, els organistes i altres músics</i></p>
<p>Daniel Codina i Giol</p>
<p><b>113 </b><i>La planificació forestal en els boscos d’Utilitat Pública al Solsonès</i></p>
<p>Ester Blanco Casellas i Jordi Gené Sera</p>
<p><b>121 </b><i>De l’aplec de Pasqua a la fira del Miracle</i></p>
<p>Enric Bertran Gonzàlez</p>
<p><b>129 </b><i>Del gòtic a un cert classicisme: de les obres de la Catedral de Solsona a la</i></p>
<p><i>construcció de l’Hospital de Pere Mártir Colomés.</i></p>
<p>Maria Garganté Llanes</p>
<p><b>141 </b><i>Carta d’un arqueòleg a Miquel Cura des de Solsona</i></p>
<p>Josep Castany i Llussà</p>

<p>5 Presentació 7 A propòsit deis poblats preromans de la comarca del Solsonès: una autorevisió crítica i noves propostes teòriques. Miquel Cura i Morera 15 En record a Miquel Cura ¡ Morera Lluís Guerrero i Sala 19 El fons de I’Ajuntament de la Ciutat de Solsona de l’Arxiu Històric Comarcal de Solsona Maite Pedrol Giménez [&hellip;]</p>
