{"id":468,"date":"2013-01-25T10:09:52","date_gmt":"2013-01-25T10:09:52","guid":{"rendered":"http:\/\/lacetans.org\/solsonesmemoria\/?page_id=468"},"modified":"2014-04-12T11:52:27","modified_gmt":"2014-04-12T11:52:27","slug":"oppidum-1","status":"publish","type":"page","link":"http:\/\/lacetans.org\/solsonesmemoria\/publicacions\/oppidum-1\/","title":{"rendered":"Oppidum 1"},"content":{"rendered":"<p><b>5 <\/b>Presentaci\u00f3<\/p>\n<p><b>7 <\/b><i>La difusi\u00f3 i l\u2019Arxiu Hist\u00f2ric Comarcal de Solsona<\/i><\/p>\n<p>Jordi Torner i Planell<\/p>\n<p><b>9 <\/b><i>L\u2019Arqueologia medieval al Solson\u00e8s<\/i><\/p>\n<p>Manuel Riu i Riu<\/p>\n<p><b>29 <\/b><i>A prop\u00f2sit del m\u00f3n ib\u00e8ric i les aportacions del Museu Dioces\u00e0 de Solsona al<\/i><\/p>\n<p><i>seu coneixement a la Catalunya central<\/i><\/p>\n<p>Miquel Cura i Morera<\/p>\n<p><b>41 <\/b><i>Les Ordinacions de la Mostassaferia de Solsona de 1590<\/i><\/p>\n<p>Ramon Planes i Albets<\/p>\n<p><b>59 <\/b><i>Una sent\u00e8ncia relacionada amb una fam\u00edlia de jueus de Solsona (1460)<\/i><\/p>\n<p>Josep M. Llobet i Portella<\/p>\n<p><b>67 <\/b><i>La Fira del Bancal, una fira que vingu\u00e9 de fora<\/i><\/p>\n<p>Enric Bertran i Gonz\u00e0lez<\/p>\n<p><b>81 <\/b><i>Les excavacions arqueol\u00f2giques en el jaciment iberorom\u00e0 i medieval de la<\/i><\/p>\n<p><i>Codina (Pinell, Solson\u00e8s). Campanyes de 1996 i 1997<\/i><\/p>\n<p>David Asensio i Vilar\u00f3, Ramon Cardona \u00a1 Colell, Conxita Ferrer i \u00c0lvarez,<\/p>\n<p>Jordi Morer de Llorens i Josep Pou i Vall\u00e8s<\/p>\n<p><b>111 <\/b><i>Els Bordons: Una fam\u00edlia de mestres de fer orgues de Solsona (s. XVIXVII)<\/i><\/p>\n<p>Jordi Tasies i Planas<\/p>\n","protected":false},"excerpt":{"rendered":"<p>5 Presentaci\u00f3 7 La difusi\u00f3 i l\u2019Arxiu Hist\u00f2ric Comarcal de Solsona Jordi Torner i Planell 9 L\u2019Arqueologia medieval al Solson\u00e8s Manuel Riu i Riu 29 A prop\u00f2sit del m\u00f3n ib\u00e8ric i les aportacions del Museu Dioces\u00e0 de Solsona al seu coneixement a la Catalunya central Miquel Cura i Morera 41 Les Ordinacions de la Mostassaferia [&hellip;]<\/p>\n","protected":false},"author":1,"featured_media":472,"parent":131,"menu_order":37,"comment_status":"closed","ping_status":"closed","template":"","meta":{"footnotes":""},"class_list":["post-468","page","type-page","status-publish","has-post-thumbnail","hentry"],"_links":{"self":[{"href":"http:\/\/lacetans.org\/solsonesmemoria\/wp-json\/wp\/v2\/pages\/468"}],"collection":[{"href":"http:\/\/lacetans.org\/solsonesmemoria\/wp-json\/wp\/v2\/pages"}],"about":[{"href":"http:\/\/lacetans.org\/solsonesmemoria\/wp-json\/wp\/v2\/types\/page"}],"author":[{"embeddable":true,"href":"http:\/\/lacetans.org\/solsonesmemoria\/wp-json\/wp\/v2\/users\/1"}],"replies":[{"embeddable":true,"href":"http:\/\/lacetans.org\/solsonesmemoria\/wp-json\/wp\/v2\/comments?post=468"}],"version-history":[{"count":8,"href":"http:\/\/lacetans.org\/solsonesmemoria\/wp-json\/wp\/v2\/pages\/468\/revisions"}],"predecessor-version":[{"id":1015,"href":"http:\/\/lacetans.org\/solsonesmemoria\/wp-json\/wp\/v2\/pages\/468\/revisions\/1015"}],"up":[{"embeddable":true,"href":"http:\/\/lacetans.org\/solsonesmemoria\/wp-json\/wp\/v2\/pages\/131"}],"wp:featuredmedia":[{"embeddable":true,"href":"http:\/\/lacetans.org\/solsonesmemoria\/wp-json\/wp\/v2\/media\/472"}],"wp:attachment":[{"href":"http:\/\/lacetans.org\/solsonesmemoria\/wp-json\/wp\/v2\/media?parent=468"}],"curies":[{"name":"wp","href":"https:\/\/api.w.org\/{rel}","templated":true}]}}

<p><b>5 </b>Presentació</p>
<p><b>7 </b><i>La difusió i l’Arxiu Històric Comarcal de Solsona</i></p>
<p>Jordi Torner i Planell</p>
<p><b>9 </b><i>L’Arqueologia medieval al Solsonès</i></p>
<p>Manuel Riu i Riu</p>
<p><b>29 </b><i>A propòsit del món ibèric i les aportacions del Museu Diocesà de Solsona al</i></p>
<p><i>seu coneixement a la Catalunya central</i></p>
<p>Miquel Cura i Morera</p>
<p><b>41 </b><i>Les Ordinacions de la Mostassaferia de Solsona de 1590</i></p>
<p>Ramon Planes i Albets</p>
<p><b>59 </b><i>Una sentència relacionada amb una família de jueus de Solsona (1460)</i></p>
<p>Josep M. Llobet i Portella</p>
<p><b>67 </b><i>La Fira del Bancal, una fira que vingué de fora</i></p>
<p>Enric Bertran i Gonzàlez</p>
<p><b>81 </b><i>Les excavacions arqueològiques en el jaciment iberoromà i medieval de la</i></p>
<p><i>Codina (Pinell, Solsonès). Campanyes de 1996 i 1997</i></p>
<p>David Asensio i Vilaró, Ramon Cardona ¡ Colell, Conxita Ferrer i Àlvarez,</p>
<p>Jordi Morer de Llorens i Josep Pou i Vallès</p>
<p><b>111 </b><i>Els Bordons: Una família de mestres de fer orgues de Solsona (s. XVIXVII)</i></p>
<p>Jordi Tasies i Planas</p>

<p>5 Presentació 7 La difusió i l’Arxiu Històric Comarcal de Solsona Jordi Torner i Planell 9 L’Arqueologia medieval al Solsonès Manuel Riu i Riu 29 A propòsit del món ibèric i les aportacions del Museu Diocesà de Solsona al seu coneixement a la Catalunya central Miquel Cura i Morera 41 Les Ordinacions de la Mostassaferia [&hellip;]</p>
