{"id":389,"date":"2013-01-10T11:46:09","date_gmt":"2013-01-10T11:46:09","guid":{"rendered":"http:\/\/lacetans.org\/solsonesmemoria\/?page_id=389"},"modified":"2013-01-10T11:46:09","modified_gmt":"2013-01-10T11:46:09","slug":"historia","status":"publish","type":"page","link":"http:\/\/lacetans.org\/solsonesmemoria\/cel\/historia\/","title":{"rendered":"Hist\u00f2ria"},"content":{"rendered":"<p>Estudi, reflexi\u00f3 i difusi\u00f3 de la hist\u00f2ria del Solson\u00e8s, amb especial \u00e8mfasi en el per\u00edode que abasta des de la proclamaci\u00f3 de la II Rep\u00fablica fins a la transici\u00f3 democr\u00e0tica.<\/p>\n<p><img loading=\"lazy\" decoding=\"async\" class=\"alignnone size-medium wp-image-390\" alt=\"historia\" src=\"http:\/\/lacetans.org\/solsonesmemoria\/wp-content\/uploads\/2013\/01\/historia-345x351.jpg\" width=\"345\" height=\"351\" srcset=\"http:\/\/lacetans.org\/solsonesmemoria\/wp-content\/uploads\/2013\/01\/historia-345x351.jpg 345w, http:\/\/lacetans.org\/solsonesmemoria\/wp-content\/uploads\/2013\/01\/historia-180x183.jpg 180w, http:\/\/lacetans.org\/solsonesmemoria\/wp-content\/uploads\/2013\/01\/historia.jpg 700w\" sizes=\"(max-width: 345px) 100vw, 345px\" \/><\/p>\n","protected":false},"excerpt":{"rendered":"<p>Estudi, reflexi\u00f3 i difusi\u00f3 de la hist\u00f2ria del Solson\u00e8s, amb especial \u00e8mfasi en el per\u00edode que abasta des de la proclamaci\u00f3 de la II Rep\u00fablica fins a la transici\u00f3 democr\u00e0tica.<\/p>\n","protected":false},"author":1,"featured_media":0,"parent":128,"menu_order":5,"comment_status":"closed","ping_status":"closed","template":"","meta":{"footnotes":""},"class_list":["post-389","page","type-page","status-publish","hentry"],"_links":{"self":[{"href":"http:\/\/lacetans.org\/solsonesmemoria\/wp-json\/wp\/v2\/pages\/389"}],"collection":[{"href":"http:\/\/lacetans.org\/solsonesmemoria\/wp-json\/wp\/v2\/pages"}],"about":[{"href":"http:\/\/lacetans.org\/solsonesmemoria\/wp-json\/wp\/v2\/types\/page"}],"author":[{"embeddable":true,"href":"http:\/\/lacetans.org\/solsonesmemoria\/wp-json\/wp\/v2\/users\/1"}],"replies":[{"embeddable":true,"href":"http:\/\/lacetans.org\/solsonesmemoria\/wp-json\/wp\/v2\/comments?post=389"}],"version-history":[{"count":2,"href":"http:\/\/lacetans.org\/solsonesmemoria\/wp-json\/wp\/v2\/pages\/389\/revisions"}],"predecessor-version":[{"id":394,"href":"http:\/\/lacetans.org\/solsonesmemoria\/wp-json\/wp\/v2\/pages\/389\/revisions\/394"}],"up":[{"embeddable":true,"href":"http:\/\/lacetans.org\/solsonesmemoria\/wp-json\/wp\/v2\/pages\/128"}],"wp:attachment":[{"href":"http:\/\/lacetans.org\/solsonesmemoria\/wp-json\/wp\/v2\/media?parent=389"}],"curies":[{"name":"wp","href":"https:\/\/api.w.org\/{rel}","templated":true}]}}

Història

<p>Estudi, reflexió i difusió de la història del Solsonès, amb especial èmfasi en el període que abasta des de la proclamació de la II República fins a la transició democràtica.</p>
<p><img loading="lazy" decoding="async" class="alignnone size-medium wp-image-390" alt="historia" src="http://lacetans.org/solsonesmemoria/wp-content/uploads/2013/01/historia-345x351.jpg" width="345" height="351" srcset="http://lacetans.org/solsonesmemoria/wp-content/uploads/2013/01/historia-345x351.jpg 345w, http://lacetans.org/solsonesmemoria/wp-content/uploads/2013/01/historia-180x183.jpg 180w, http://lacetans.org/solsonesmemoria/wp-content/uploads/2013/01/historia.jpg 700w" sizes="(max-width: 345px) 100vw, 345px" /></p>

<p>Estudi, reflexió i difusió de la història del Solsonès, amb especial èmfasi en el període que abasta des de la proclamació de la II República fins a la transició democràtica.</p>
