{"id":354,"date":"2013-01-08T17:39:57","date_gmt":"2013-01-08T17:39:57","guid":{"rendered":"http:\/\/lacetans.org\/solsonesmemoria\/?page_id=354"},"modified":"2013-03-16T12:33:23","modified_gmt":"2013-03-16T12:33:23","slug":"arqueologia","status":"publish","type":"page","link":"http:\/\/lacetans.org\/solsonesmemoria\/cel\/arqueologia\/","title":{"rendered":"Arqueologia"},"content":{"rendered":"<p>Des de la secci\u00f3 d&#8217;arqueologia es porten a terme accions destinades a estudiar i protegir jaciments arqueol\u00f2gics de primer ordre d&#8217;\u00e8poques antigues i medievals. Dins d\u2019aquestes accions cal destacar el Camp d&#8217;Experimentaci\u00f3 de la Protohist\u00f2ria &#8211; Cep dels Estinclells de Verd\u00fa (L\u2019Urgell).<\/p>\n<p><a href=\"http:\/\/lacetans.org\/cepverdu\/index.htm\">Visita el web del CEP.<\/a><\/p>\n\n\t\t<style type=\"text\/css\">\n\t\t\t#gallery-1 {\n\t\t\t\tmargin: auto;\n\t\t\t}\n\t\t\t#gallery-1 .gallery-item {\n\t\t\t\tfloat: left;\n\t\t\t\tmargin-top: 10px;\n\t\t\t\ttext-align: center;\n\t\t\t\twidth: 33%;\n\t\t\t}\n\t\t\t#gallery-1 img {\n\t\t\t\tborder: 2px solid #cfcfcf;\n\t\t\t}\n\t\t\t#gallery-1 .gallery-caption {\n\t\t\t\tmargin-left: 0;\n\t\t\t}\n\t\t\t\/* see gallery_shortcode() in wp-includes\/media.php *\/\n\t\t<\/style>\n\t\t<div id='gallery-1' class='gallery galleryid-354 gallery-columns-3 gallery-size-thumbnail'><dl class='gallery-item'>\n\t\t\t<dt class='gallery-icon landscape'>\n\t\t\t\t<a href='http:\/\/lacetans.org\/solsonesmemoria\/wp-content\/uploads\/2013\/01\/logonegrelletra.jpg'><img loading=\"lazy\" decoding=\"async\" width=\"180\" height=\"90\" src=\"http:\/\/lacetans.org\/solsonesmemoria\/wp-content\/uploads\/2013\/01\/logonegrelletra-180x90.jpg\" class=\"attachment-thumbnail size-thumbnail\" alt=\"\" srcset=\"http:\/\/lacetans.org\/solsonesmemoria\/wp-content\/uploads\/2013\/01\/logonegrelletra-180x90.jpg 180w, http:\/\/lacetans.org\/solsonesmemoria\/wp-content\/uploads\/2013\/01\/logonegrelletra-345x172.jpg 345w, http:\/\/lacetans.org\/solsonesmemoria\/wp-content\/uploads\/2013\/01\/logonegrelletra.jpg 580w\" sizes=\"(max-width: 180px) 100vw, 180px\" \/><\/a>\n\t\t\t<\/dt><\/dl><dl class='gallery-item'>\n\t\t\t<dt class='gallery-icon landscape'>\n\t\t\t\t<a href='http:\/\/lacetans.org\/solsonesmemoria\/wp-content\/uploads\/2013\/01\/titolindex.gif'><img loading=\"lazy\" decoding=\"async\" width=\"180\" height=\"19\" src=\"http:\/\/lacetans.org\/solsonesmemoria\/wp-content\/uploads\/2013\/01\/titolindex-180x19.gif\" class=\"attachment-thumbnail size-thumbnail\" alt=\"\" srcset=\"http:\/\/lacetans.org\/solsonesmemoria\/wp-content\/uploads\/2013\/01\/titolindex-180x19.gif 180w, http:\/\/lacetans.org\/solsonesmemoria\/wp-content\/uploads\/2013\/01\/titolindex-345x37.gif 345w, http:\/\/lacetans.org\/solsonesmemoria\/wp-content\/uploads\/2013\/01\/titolindex-700x76.gif 700w\" sizes=\"(max-width: 180px) 100vw, 180px\" \/><\/a>\n\t\t\t<\/dt><\/dl><dl class='gallery-item'>\n\t\t\t<dt class='gallery-icon landscape'>\n\t\t\t\t<a href='http:\/\/lacetans.org\/solsonesmemoria\/wp-content\/uploads\/2013\/01\/fornverdua1.jpg'><img loading=\"lazy\" decoding=\"async\" width=\"180\" height=\"89\" src=\"http:\/\/lacetans.org\/solsonesmemoria\/wp-content\/uploads\/2013\/01\/fornverdua1-180x89.jpg\" class=\"attachment-thumbnail size-thumbnail\" alt=\"\" srcset=\"http:\/\/lacetans.org\/solsonesmemoria\/wp-content\/uploads\/2013\/01\/fornverdua1-180x89.jpg 180w, http:\/\/lacetans.org\/solsonesmemoria\/wp-content\/uploads\/2013\/01\/fornverdua1-345x170.jpg 345w, http:\/\/lacetans.org\/solsonesmemoria\/wp-content\/uploads\/2013\/01\/fornverdua1.jpg 404w\" sizes=\"(max-width: 180px) 100vw, 180px\" \/><\/a>\n\t\t\t<\/dt><\/dl><br style=\"clear: both\" \/><dl class='gallery-item'>\n\t\t\t<dt class='gallery-icon portrait'>\n\t\t\t\t<a href='http:\/\/lacetans.org\/solsonesmemoria\/wp-content\/uploads\/2013\/01\/101126-forn-ib\u00e8ric-3.jpg'><img loading=\"lazy\" decoding=\"async\" width=\"180\" height=\"269\" src=\"http:\/\/lacetans.org\/solsonesmemoria\/wp-content\/uploads\/2013\/01\/101126-forn-ib\u00e8ric-3-180x269.jpg\" class=\"attachment-thumbnail size-thumbnail\" alt=\"\" srcset=\"http:\/\/lacetans.org\/solsonesmemoria\/wp-content\/uploads\/2013\/01\/101126-forn-ib\u00e8ric-3-180x269.jpg 180w, http:\/\/lacetans.org\/solsonesmemoria\/wp-content\/uploads\/2013\/01\/101126-forn-ib\u00e8ric-3-345x516.jpg 345w, http:\/\/lacetans.org\/solsonesmemoria\/wp-content\/uploads\/2013\/01\/101126-forn-ib\u00e8ric-3-683x1024.jpg 683w, http:\/\/lacetans.org\/solsonesmemoria\/wp-content\/uploads\/2013\/01\/101126-forn-ib\u00e8ric-3.jpg 1358w\" sizes=\"(max-width: 180px) 100vw, 180px\" \/><\/a>\n\t\t\t<\/dt><\/dl><dl class='gallery-item'>\n\t\t\t<dt class='gallery-icon landscape'>\n\t\t\t\t<a href='http:\/\/lacetans.org\/solsonesmemoria\/wp-content\/uploads\/2013\/01\/estinclells-2.jpg'><img loading=\"lazy\" decoding=\"async\" width=\"180\" height=\"143\" src=\"http:\/\/lacetans.org\/solsonesmemoria\/wp-content\/uploads\/2013\/01\/estinclells-2-180x143.jpg\" class=\"attachment-thumbnail size-thumbnail\" alt=\"\" srcset=\"http:\/\/lacetans.org\/solsonesmemoria\/wp-content\/uploads\/2013\/01\/estinclells-2-180x143.jpg 180w, http:\/\/lacetans.org\/solsonesmemoria\/wp-content\/uploads\/2013\/01\/estinclells-2-345x274.jpg 345w, http:\/\/lacetans.org\/solsonesmemoria\/wp-content\/uploads\/2013\/01\/estinclells-2-700x557.jpg 700w, http:\/\/lacetans.org\/solsonesmemoria\/wp-content\/uploads\/2013\/01\/estinclells-2.jpg 765w\" sizes=\"(max-width: 180px) 100vw, 180px\" \/><\/a>\n\t\t\t<\/dt><\/dl>\n\t\t\t<br style='clear: both' \/>\n\t\t<\/div>\n\n","protected":false},"excerpt":{"rendered":"<p>Des de la secci\u00f3 d&#8217;arqueologia es porten a terme accions destinades a estudiar i protegir jaciments arqueol\u00f2gics de primer ordre d&#8217;\u00e8poques antigues i medievals. Dins d\u2019aquestes accions cal destacar el Camp d&#8217;Experimentaci\u00f3 de la Protohist\u00f2ria &#8211; Cep dels Estinclells de Verd\u00fa (L\u2019Urgell). Visita el web del CEP.<\/p>\n","protected":false},"author":1,"featured_media":0,"parent":128,"menu_order":0,"comment_status":"closed","ping_status":"closed","template":"","meta":{"footnotes":""},"class_list":["post-354","page","type-page","status-publish","hentry"],"_links":{"self":[{"href":"http:\/\/lacetans.org\/solsonesmemoria\/wp-json\/wp\/v2\/pages\/354"}],"collection":[{"href":"http:\/\/lacetans.org\/solsonesmemoria\/wp-json\/wp\/v2\/pages"}],"about":[{"href":"http:\/\/lacetans.org\/solsonesmemoria\/wp-json\/wp\/v2\/types\/page"}],"author":[{"embeddable":true,"href":"http:\/\/lacetans.org\/solsonesmemoria\/wp-json\/wp\/v2\/users\/1"}],"replies":[{"embeddable":true,"href":"http:\/\/lacetans.org\/solsonesmemoria\/wp-json\/wp\/v2\/comments?post=354"}],"version-history":[{"count":5,"href":"http:\/\/lacetans.org\/solsonesmemoria\/wp-json\/wp\/v2\/pages\/354\/revisions"}],"predecessor-version":[{"id":829,"href":"http:\/\/lacetans.org\/solsonesmemoria\/wp-json\/wp\/v2\/pages\/354\/revisions\/829"}],"up":[{"embeddable":true,"href":"http:\/\/lacetans.org\/solsonesmemoria\/wp-json\/wp\/v2\/pages\/128"}],"wp:attachment":[{"href":"http:\/\/lacetans.org\/solsonesmemoria\/wp-json\/wp\/v2\/media?parent=354"}],"curies":[{"name":"wp","href":"https:\/\/api.w.org\/{rel}","templated":true}]}}

<p>Des de la secció d&#8217;arqueologia es porten a terme accions destinades a estudiar i protegir jaciments arqueològics de primer ordre d&#8217;èpoques antigues i medievals. Dins d’aquestes accions cal destacar el Camp d&#8217;Experimentació de la Protohistòria &#8211; Cep dels Estinclells de Verdú (L’Urgell).</p>
<p><a href="http://lacetans.org/cepverdu/index.htm">Visita el web del CEP.</a></p>

		<style type="text/css">
			#gallery-1 {
				margin: auto;
			}
			#gallery-1 .gallery-item {
				float: left;
				margin-top: 10px;
				text-align: center;
				width: 33%;
			}
			#gallery-1 img {
				border: 2px solid #cfcfcf;
			}
			#gallery-1 .gallery-caption {
				margin-left: 0;
			}
			/* see gallery_shortcode() in wp-includes/media.php */
		</style>
		<div id='gallery-1' class='gallery galleryid-354 gallery-columns-3 gallery-size-thumbnail'><dl class='gallery-item'>
			<dt class='gallery-icon landscape'>
				<a href='http://lacetans.org/solsonesmemoria/wp-content/uploads/2013/01/logonegrelletra.jpg'><img loading="lazy" decoding="async" width="180" height="90" src="http://lacetans.org/solsonesmemoria/wp-content/uploads/2013/01/logonegrelletra-180x90.jpg" class="attachment-thumbnail size-thumbnail" alt="" srcset="http://lacetans.org/solsonesmemoria/wp-content/uploads/2013/01/logonegrelletra-180x90.jpg 180w, http://lacetans.org/solsonesmemoria/wp-content/uploads/2013/01/logonegrelletra-345x172.jpg 345w, http://lacetans.org/solsonesmemoria/wp-content/uploads/2013/01/logonegrelletra.jpg 580w" sizes="(max-width: 180px) 100vw, 180px" /></a>
			</dt></dl><dl class='gallery-item'>
			<dt class='gallery-icon landscape'>
				<a href='http://lacetans.org/solsonesmemoria/wp-content/uploads/2013/01/titolindex.gif'><img loading="lazy" decoding="async" width="180" height="19" src="http://lacetans.org/solsonesmemoria/wp-content/uploads/2013/01/titolindex-180x19.gif" class="attachment-thumbnail size-thumbnail" alt="" srcset="http://lacetans.org/solsonesmemoria/wp-content/uploads/2013/01/titolindex-180x19.gif 180w, http://lacetans.org/solsonesmemoria/wp-content/uploads/2013/01/titolindex-345x37.gif 345w, http://lacetans.org/solsonesmemoria/wp-content/uploads/2013/01/titolindex-700x76.gif 700w" sizes="(max-width: 180px) 100vw, 180px" /></a>
			</dt></dl><dl class='gallery-item'>
			<dt class='gallery-icon landscape'>
				<a href='http://lacetans.org/solsonesmemoria/wp-content/uploads/2013/01/fornverdua1.jpg'><img loading="lazy" decoding="async" width="180" height="89" src="http://lacetans.org/solsonesmemoria/wp-content/uploads/2013/01/fornverdua1-180x89.jpg" class="attachment-thumbnail size-thumbnail" alt="" srcset="http://lacetans.org/solsonesmemoria/wp-content/uploads/2013/01/fornverdua1-180x89.jpg 180w, http://lacetans.org/solsonesmemoria/wp-content/uploads/2013/01/fornverdua1-345x170.jpg 345w, http://lacetans.org/solsonesmemoria/wp-content/uploads/2013/01/fornverdua1.jpg 404w" sizes="(max-width: 180px) 100vw, 180px" /></a>
			</dt></dl><br style="clear: both" /><dl class='gallery-item'>
			<dt class='gallery-icon portrait'>
				<a href='http://lacetans.org/solsonesmemoria/wp-content/uploads/2013/01/101126-forn-ibèric-3.jpg'><img loading="lazy" decoding="async" width="180" height="269" src="http://lacetans.org/solsonesmemoria/wp-content/uploads/2013/01/101126-forn-ibèric-3-180x269.jpg" class="attachment-thumbnail size-thumbnail" alt="" srcset="http://lacetans.org/solsonesmemoria/wp-content/uploads/2013/01/101126-forn-ibèric-3-180x269.jpg 180w, http://lacetans.org/solsonesmemoria/wp-content/uploads/2013/01/101126-forn-ibèric-3-345x516.jpg 345w, http://lacetans.org/solsonesmemoria/wp-content/uploads/2013/01/101126-forn-ibèric-3-683x1024.jpg 683w, http://lacetans.org/solsonesmemoria/wp-content/uploads/2013/01/101126-forn-ibèric-3.jpg 1358w" sizes="(max-width: 180px) 100vw, 180px" /></a>
			</dt></dl><dl class='gallery-item'>
			<dt class='gallery-icon landscape'>
				<a href='http://lacetans.org/solsonesmemoria/wp-content/uploads/2013/01/estinclells-2.jpg'><img loading="lazy" decoding="async" width="180" height="143" src="http://lacetans.org/solsonesmemoria/wp-content/uploads/2013/01/estinclells-2-180x143.jpg" class="attachment-thumbnail size-thumbnail" alt="" srcset="http://lacetans.org/solsonesmemoria/wp-content/uploads/2013/01/estinclells-2-180x143.jpg 180w, http://lacetans.org/solsonesmemoria/wp-content/uploads/2013/01/estinclells-2-345x274.jpg 345w, http://lacetans.org/solsonesmemoria/wp-content/uploads/2013/01/estinclells-2-700x557.jpg 700w, http://lacetans.org/solsonesmemoria/wp-content/uploads/2013/01/estinclells-2.jpg 765w" sizes="(max-width: 180px) 100vw, 180px" /></a>
			</dt></dl>
			<br style='clear: both' />
		</div>

<p>Des de la secció d&#8217;arqueologia es porten a terme accions destinades a estudiar i protegir jaciments arqueològics de primer ordre d&#8217;èpoques antigues i medievals. Dins d’aquestes accions cal destacar el Camp d&#8217;Experimentació de la Protohistòria &#8211; Cep dels Estinclells de Verdú (L’Urgell). Visita el web del CEP.</p>
