{"id":166,"date":"2012-12-13T16:42:45","date_gmt":"2012-12-13T16:42:45","guid":{"rendered":"http:\/\/lacetans.org\/solsonesmemoria\/?page_id=166"},"modified":"2013-01-25T14:54:37","modified_gmt":"2013-01-25T14:54:37","slug":"oppidum","status":"publish","type":"page","link":"http:\/\/lacetans.org\/solsonesmemoria\/publicacions\/oppidum\/","title":{"rendered":"Presentaci\u00f3 Oppidum"},"content":{"rendered":"<div>\n<p><b><i>Oppidum longum<\/i><\/b><b>\u2026 des del 2001.<\/b><\/p>\n<p>&#8230; Amb aquestes paraules entra Solsona en la hist\u00f2ria escrita de m\u00e0 de l\u2018historiador llat\u00ed Titus Livi. La publicaci\u00f3 que avui veu la llum, per primer cop, pren el nom d\u2019aquell primer mot <b>OPPIDUM <\/b>a manera de testimoni d\u2019una labor cultural que ha passat de m\u00e0 a m\u00e0 dels nostres historiadors i estudiosos, per\u00f2 que mai havia pres la forma i el comprom\u00eds que avui us presentem.<\/p>\n<p><b><i>Oppidum <\/i><\/b>t\u00e9 com a marc geogr\u00e0fic i hum\u00e0 la comarca del Solson\u00e8s, per\u00f2 aquest nom\u00e9s \u00e9s un marc de refer\u00e8ncia que no exclou, ans al contrari, reclama aportacions que contextualitzin la nostra cultura amb el seu entorn hist\u00f2ric i natural. D\u2019aquesta forma, s\u2019intenta aconseguir una publicaci\u00f3 estable i per fer-ho cal el suport i la col\u00b7laboraci\u00f3 dels investigadors i les persones interessades per la cultura. I des d\u2019aquestes ratlles animem a la col\u00b7laboraci\u00f3.<\/p>\n<p>Pensem que la riquesa del nostre patrimoni cultural, de la nostra hist\u00f2ria, del privilegiat estat de conservaci\u00f3 del nostre territori, de les costums i tradicions, exigeixen un esfor\u00e7 col\u00b7lectiu per a divulgar-ne el seu coneixement i estimular-ne l\u2019estudi. <b><i>Oppidum <\/i><\/b>representa el comprom\u00eds de <b>l\u2019Arxiu Hist\u00f3ric Comarcal de Solsona <\/b>i el <b>Centre d\u2019Estudis Lacetans <\/b>de recollir i publicar els treballs remarcables i significatius sobre Solsona i el Solson\u00e8s.<\/p>\n<\/div>\n<p style=\"text-align: right;\">El Consell Redactor. 2001<\/p>\n","protected":false},"excerpt":{"rendered":"<p>Oppidum longum\u2026 des del 2001. &#8230; Amb aquestes paraules entra Solsona en la hist\u00f2ria escrita de m\u00e0 de l\u2018historiador llat\u00ed Titus Livi. La publicaci\u00f3 que avui veu la llum, per primer cop, pren el nom d\u2019aquell primer mot OPPIDUM a manera de testimoni d\u2019una labor cultural que ha passat de m\u00e0 a m\u00e0 dels nostres [&hellip;]<\/p>\n","protected":false},"author":1,"featured_media":0,"parent":131,"menu_order":10,"comment_status":"closed","ping_status":"closed","template":"","meta":{"footnotes":""},"class_list":["post-166","page","type-page","status-publish","hentry"],"_links":{"self":[{"href":"http:\/\/lacetans.org\/solsonesmemoria\/wp-json\/wp\/v2\/pages\/166"}],"collection":[{"href":"http:\/\/lacetans.org\/solsonesmemoria\/wp-json\/wp\/v2\/pages"}],"about":[{"href":"http:\/\/lacetans.org\/solsonesmemoria\/wp-json\/wp\/v2\/types\/page"}],"author":[{"embeddable":true,"href":"http:\/\/lacetans.org\/solsonesmemoria\/wp-json\/wp\/v2\/users\/1"}],"replies":[{"embeddable":true,"href":"http:\/\/lacetans.org\/solsonesmemoria\/wp-json\/wp\/v2\/comments?post=166"}],"version-history":[{"count":2,"href":"http:\/\/lacetans.org\/solsonesmemoria\/wp-json\/wp\/v2\/pages\/166\/revisions"}],"predecessor-version":[{"id":169,"href":"http:\/\/lacetans.org\/solsonesmemoria\/wp-json\/wp\/v2\/pages\/166\/revisions\/169"}],"up":[{"embeddable":true,"href":"http:\/\/lacetans.org\/solsonesmemoria\/wp-json\/wp\/v2\/pages\/131"}],"wp:attachment":[{"href":"http:\/\/lacetans.org\/solsonesmemoria\/wp-json\/wp\/v2\/media?parent=166"}],"curies":[{"name":"wp","href":"https:\/\/api.w.org\/{rel}","templated":true}]}}

Presentació Oppidum

<div>
<p><b><i>Oppidum longum</i></b><b>… des del 2001.</b></p>
<p>&#8230; Amb aquestes paraules entra Solsona en la història escrita de mà de l‘historiador llatí Titus Livi. La publicació que avui veu la llum, per primer cop, pren el nom d’aquell primer mot <b>OPPIDUM </b>a manera de testimoni d’una labor cultural que ha passat de mà a mà dels nostres historiadors i estudiosos, però que mai havia pres la forma i el compromís que avui us presentem.</p>
<p><b><i>Oppidum </i></b>té com a marc geogràfic i humà la comarca del Solsonès, però aquest només és un marc de referència que no exclou, ans al contrari, reclama aportacions que contextualitzin la nostra cultura amb el seu entorn històric i natural. D’aquesta forma, s’intenta aconseguir una publicació estable i per fer-ho cal el suport i la col·laboració dels investigadors i les persones interessades per la cultura. I des d’aquestes ratlles animem a la col·laboració.</p>
<p>Pensem que la riquesa del nostre patrimoni cultural, de la nostra història, del privilegiat estat de conservació del nostre territori, de les costums i tradicions, exigeixen un esforç col·lectiu per a divulgar-ne el seu coneixement i estimular-ne l’estudi. <b><i>Oppidum </i></b>representa el compromís de <b>l’Arxiu Históric Comarcal de Solsona </b>i el <b>Centre d’Estudis Lacetans </b>de recollir i publicar els treballs remarcables i significatius sobre Solsona i el Solsonès.</p>
</div>
<p style="text-align: right;">El Consell Redactor. 2001</p>

<p>Oppidum longum… des del 2001. &#8230; Amb aquestes paraules entra Solsona en la història escrita de mà de l‘historiador llatí Titus Livi. La publicació que avui veu la llum, per primer cop, pren el nom d’aquell primer mot OPPIDUM a manera de testimoni d’una labor cultural que ha passat de mà a mà dels nostres [&hellip;]</p>
