{"id":148,"date":"2012-12-13T11:49:10","date_gmt":"2012-12-13T11:49:10","guid":{"rendered":"http:\/\/lacetans.org\/solsonesmemoria\/?page_id=148"},"modified":"2013-02-18T11:39:32","modified_gmt":"2013-02-18T11:39:32","slug":"recerques","status":"publish","type":"page","link":"http:\/\/lacetans.org\/solsonesmemoria\/seccio-historia\/recerques\/","title":{"rendered":"Recerques"},"content":{"rendered":"<h2><b>Recerca &#8220;Guerra civil i primer franquisme al Solson\u00e8s&#8221;<\/b><\/h2>\n<p>L\u2019any 2006 ens endinsaven en la hist\u00f2ria de la comarca capbussant-nos en els arxius, sobretot en l\u2019Arxiu Comarcal del Solson\u00e8s, on vam comen\u00e7ar a buscar aquells documents en els fons municipals que ens aportaven una mica de llum sobre els esdeveniments de la guerra i els inicis de la dictadura al Solson\u00e8s. Vam trobar llibres d\u2019actes, correspond\u00e8ncia, llibres de lleves, entre d\u2019altres documents interessants.<\/p>\n<p>Aix\u00ed mateix comen\u00e7aven a estudiar els expedients de Responsabilitats Pol\u00edtiques oberts a la comarca i poblacions ve\u00efnes dipositats en el fons del Jutjat de 1\u00aa Inst\u00e0ncia i Instrucci\u00f3 de Solsona. Vam optar per fer un primer buidat dels expedients d&#8217;aquelles persones que havien estat afusellades en Consells de guerra o que van morir a la pres\u00f3 a causa de maltractes i malalties<\/p>\n<p>Aix\u00ed mateix vam comen\u00e7ar la cerca i enregistrament d\u2019entrevistes amb protagonistes directes o testimonis indirectes de la guerra civil.<\/p>\n<p>I vam comen\u00e7ar a rec\u00f3rrer el territori: an\u00e0vem darrera les petjades de vestigis de la guerra, en el context de la Primera fase del Pla Pilot del Memorial Democr\u00e0tic de les Terres de Lleida impulsat pel Servei d\u2019Hist\u00f2ria, Documentaci\u00f3 i Patrimoni de la Universitat de Lleida. Ens interessaven espais, vestigis i restes, susceptibles de senyalitzaci\u00f3 i dignificaci\u00f3 per la seva significaci\u00f3 durant la guerra: fosses comunes, t\u00e0pies de cementiris, refugis antiaeris, camp d&#8217;aviaci\u00f3, trinxeres, cunetes, monuments f\u00fanebres, creus, records als caiguts, l\u00e0pides, etc.<\/p>\n<h2><b>Recerca i acte d&#8217;homenatge als deportats solsonins als camps de concentraci\u00f3 nazis<br \/>\n<\/b><\/h2>\n<p>El 3 de febrer del 2006 es va dur a terme un acte d\u2019homenatge als solsonins deportats als camps de concentraci\u00f3 nazis. Impulsat pel CEL i amb la participaci\u00f3 dels ajuntaments de la comarca, el Consell Comarcal del Solson\u00e8s i la Generalitat de Catalunya.<\/p>\n<p><img loading=\"lazy\" decoding=\"async\" class=\"alignright\" alt=\"deportats\" src=\"http:\/\/lacetans.org\/solsonesmemoria\/wp-content\/uploads\/2012\/12\/deportats-345x228.jpg\" width=\"306\" height=\"206\" \/><\/p>\n<h2><b>Recerca<\/b> \u201c<b>El<\/b> <b>Cost hum\u00e0 de la guerra civil al Solson\u00e8s\u201d<\/b>.<\/h2>\n<p>L\u2019any 2007 ens centr\u00e0vem en una investigaci\u00f3 a nivell comarcal emmarcada en la recerca global que s\u2019estava impulsant des del Centre d&#8217;Hist\u00f2ria Contempor\u00e0nia de Catalunya per con\u00e8ixer amb noms i cognoms els morts de la guerra civil i de la dictadura franquista. Fruit d&#8217;aquesta recerca, el CEL ha creat una base de dades de v\u00edctimes de la guerra civil i el franquisme del Solson\u00e8s on es poden consultar les persones nascudes, ve\u00efnes o de pas a la comarca que van morir com a conseq\u00fc\u00e8ncia del conflicte b\u00e8l\u00b7lic o la dictadura.<\/p>\n<h2><b>Recerca \u201cLa repressi\u00f3 franquista\u201d<\/b>.<\/h2>\n<p>En aquest projecte de l\u2019any 2007 s&#8217;estudiava l&#8217;abast de la repressi\u00f3 a la comarca a partir de dues grans fonts:<\/p>\n<p>1. Els consells de guerra dipositats en l\u2019Arxiu del Govern Militar de Barcelona. Es van localitzar i fotografiar un centenar de consells de guerra oberts a solsonins. M\u00e9s endavant es va procedir a buidar la informaci\u00f3 que contenien i es va bolcar en una base de dades.<\/p>\n<p>2. Els expedients del Tribunal de Responsabilitats Pol\u00edtiques dipositats en l\u2019Arxiu Comarcal del Solson\u00e8s i en l\u2019Arxiu Hist\u00f2ric de Lleida.<\/p>\n<h2><b>Recerca \u201cEl Solson\u00e8s, terra d&#8217;emboscats\u201d <\/b><\/h2>\n<p>Els emboscats s\u00f3n aquells joves en edat de lleves que, durant la guerra civil, per no anar al front s&#8217;amagaven en els boscos, en refugis excavats o aprofitant les balmes i coves existents en la capritxosa orografia muntanyosa. Sobrevivien gr\u00e0cies a un extens suport social: la gent gran, les dones, els nens. El 2007 ja an\u00e0vem darrera dels homes que s\u2019havien emboscat i dels amagatalls que havien utilitzat. En aquells moments est\u00e0vem molt lluny d\u2019imaginar que aquesta recerca s\u2019acabaria convertint en un documental i que algunes de les rutes i amagatalls de la comarca serien senyalitzats.<\/p>\n<h2><b>Recerca \u201cEls bombardeigs al Solson\u00e8s\u201d. <\/b><\/h2>\n<p>En el marc de la commemoraci\u00f3 dels 70 anys dels bombardeigs sobre la poblaci\u00f3 civil catalana vam dedicar la recerca a con\u00e8ixer millor l\u2019impacte d\u2019aquest terrible fenomen al Solson\u00e8s: dates, v\u00edctimes, danys materials, refugis antiaeris, etc.<\/p>\n<h2><b>Creaci\u00f3 d&#8217;un Servei de documentaci\u00f3 i recursos de la II Rep\u00fablica, la guerra civil i primer franquisme al Solson\u00e8s (1931-1959)<\/b><\/h2>\n<p>L\u2019any 2008 signem un conveni de col\u00b7laboraci\u00f3 amb l&#8217;Arxiu Comarcal del Solson\u00e8s i impulsem la primera fase d\u2019aquest Servei: la localitzaci\u00f3 de la documentaci\u00f3, obtenci\u00f3 de reproduccions, elaboraci\u00f3 de la base de dades, tractament i instal\u00b7laci\u00f3 de les reproduccions, creaci\u00f3 dels instruments de descripci\u00f3\u00a0adequats i posada en funcionament del servei de consulta presencial en l&#8217;Arxiu Comarcal del Solson\u00e8s.<\/p>\n<p>Aquesta primera fase, que rep el suport del Memorial Democr\u00e0tic i l\u2019Institut Ramon Muntaner, cont\u00e9 els consells de guerra oberts a la comarca de l\u2019Arxiu Militar, els expedients de Responsabilitats Pol\u00edtiques de Lleida i una part de la Causa General de l\u2019Arxiu Hist\u00f2ric Nacional de Madrid.<\/p>\n<p>Al llarg d\u2019aquests anys el fons es va enriquint amb noves aportacions com la documentaci\u00f3 referent a la guerra civil a la comarca dipositada a l\u2019Arxiu General Militar d\u2019\u00c0vila.<\/p>\n<p>Aquesta documentaci\u00f3 pret\u00e9n facilitar la recerca i la divulgaci\u00f3 de la hist\u00f2ria del Solson\u00e8s i est\u00e0 disponible per a la seva consulta a l\u2019Arxiu Comarcal.<\/p>\n<p><b>Entrevistes a testimonis de la guerra civil<\/b><\/p>\n<p>Des dels inicis de la nostra tasca hem anat a buscar el testimoni de les persones que van veure els fets que estudiem en primera persona. Al llarg dels anys hem anat acumulant i conservant els seus records, la seva mem\u00f2ria, que avui podem posar a disposici\u00f3 de tothom gr\u00e0cies a <a title=\"Mem\u00f2ria oral\" href=\"http:\/\/lacetans.org\/solsonesmemoria\/memoriaoral\/\">l\u2019arxiu d\u2019entrevistes<\/a> d\u2019aquesta p\u00e0gina web.<\/p>\n<p><img loading=\"lazy\" decoding=\"async\" alt=\"entrevistes\" src=\"http:\/\/lacetans.org\/solsonesmemoria\/wp-content\/uploads\/2012\/12\/entrevistes-180x135.jpg\" width=\"180\" height=\"135\" \/><\/p>\n<p>&nbsp;<\/p>\n<p>&nbsp;<\/p>\n","protected":false},"excerpt":{"rendered":"<p>Recerca &#8220;Guerra civil i primer franquisme al Solson\u00e8s&#8221; L\u2019any 2006 ens endinsaven en la hist\u00f2ria de la comarca capbussant-nos en els arxius, sobretot en l\u2019Arxiu Comarcal del Solson\u00e8s, on vam comen\u00e7ar a buscar aquells documents en els fons municipals que ens aportaven una mica de llum sobre els esdeveniments de la guerra i els inicis [&hellip;]<\/p>\n","protected":false},"author":1,"featured_media":0,"parent":137,"menu_order":14,"comment_status":"closed","ping_status":"closed","template":"","meta":{"footnotes":""},"class_list":["post-148","page","type-page","status-publish","hentry"],"_links":{"self":[{"href":"http:\/\/lacetans.org\/solsonesmemoria\/wp-json\/wp\/v2\/pages\/148"}],"collection":[{"href":"http:\/\/lacetans.org\/solsonesmemoria\/wp-json\/wp\/v2\/pages"}],"about":[{"href":"http:\/\/lacetans.org\/solsonesmemoria\/wp-json\/wp\/v2\/types\/page"}],"author":[{"embeddable":true,"href":"http:\/\/lacetans.org\/solsonesmemoria\/wp-json\/wp\/v2\/users\/1"}],"replies":[{"embeddable":true,"href":"http:\/\/lacetans.org\/solsonesmemoria\/wp-json\/wp\/v2\/comments?post=148"}],"version-history":[{"count":14,"href":"http:\/\/lacetans.org\/solsonesmemoria\/wp-json\/wp\/v2\/pages\/148\/revisions"}],"predecessor-version":[{"id":582,"href":"http:\/\/lacetans.org\/solsonesmemoria\/wp-json\/wp\/v2\/pages\/148\/revisions\/582"}],"up":[{"embeddable":true,"href":"http:\/\/lacetans.org\/solsonesmemoria\/wp-json\/wp\/v2\/pages\/137"}],"wp:attachment":[{"href":"http:\/\/lacetans.org\/solsonesmemoria\/wp-json\/wp\/v2\/media?parent=148"}],"curies":[{"name":"wp","href":"https:\/\/api.w.org\/{rel}","templated":true}]}}

<h2><b>Recerca &#8220;Guerra civil i primer franquisme al Solsonès&#8221;</b></h2>
<p>L’any 2006 ens endinsaven en la història de la comarca capbussant-nos en els arxius, sobretot en l’Arxiu Comarcal del Solsonès, on vam començar a buscar aquells documents en els fons municipals que ens aportaven una mica de llum sobre els esdeveniments de la guerra i els inicis de la dictadura al Solsonès. Vam trobar llibres d’actes, correspondència, llibres de lleves, entre d’altres documents interessants.</p>
<p>Així mateix començaven a estudiar els expedients de Responsabilitats Polítiques oberts a la comarca i poblacions veïnes dipositats en el fons del Jutjat de 1ª Instància i Instrucció de Solsona. Vam optar per fer un primer buidat dels expedients d&#8217;aquelles persones que havien estat afusellades en Consells de guerra o que van morir a la presó a causa de maltractes i malalties</p>
<p>Així mateix vam començar la cerca i enregistrament d’entrevistes amb protagonistes directes o testimonis indirectes de la guerra civil.</p>
<p>I vam començar a recórrer el territori: anàvem darrera les petjades de vestigis de la guerra, en el context de la Primera fase del Pla Pilot del Memorial Democràtic de les Terres de Lleida impulsat pel Servei d’Història, Documentació i Patrimoni de la Universitat de Lleida. Ens interessaven espais, vestigis i restes, susceptibles de senyalització i dignificació per la seva significació durant la guerra: fosses comunes, tàpies de cementiris, refugis antiaeris, camp d&#8217;aviació, trinxeres, cunetes, monuments fúnebres, creus, records als caiguts, làpides, etc.</p>
<h2><b>Recerca i acte d&#8217;homenatge als deportats solsonins als camps de concentració nazis<br />
</b></h2>
<p>El 3 de febrer del 2006 es va dur a terme un acte d’homenatge als solsonins deportats als camps de concentració nazis. Impulsat pel CEL i amb la participació dels ajuntaments de la comarca, el Consell Comarcal del Solsonès i la Generalitat de Catalunya.</p>
<p><img loading="lazy" decoding="async" class="alignright" alt="deportats" src="http://lacetans.org/solsonesmemoria/wp-content/uploads/2012/12/deportats-345x228.jpg" width="306" height="206" /></p>
<h2><b>Recerca</b> “<b>El</b> <b>Cost humà de la guerra civil al Solsonès”</b>.</h2>
<p>L’any 2007 ens centràvem en una investigació a nivell comarcal emmarcada en la recerca global que s’estava impulsant des del Centre d&#8217;Història Contemporània de Catalunya per conèixer amb noms i cognoms els morts de la guerra civil i de la dictadura franquista. Fruit d&#8217;aquesta recerca, el CEL ha creat una base de dades de víctimes de la guerra civil i el franquisme del Solsonès on es poden consultar les persones nascudes, veïnes o de pas a la comarca que van morir com a conseqüència del conflicte bèl·lic o la dictadura.</p>
<h2><b>Recerca “La repressió franquista”</b>.</h2>
<p>En aquest projecte de l’any 2007 s&#8217;estudiava l&#8217;abast de la repressió a la comarca a partir de dues grans fonts:</p>
<p>1. Els consells de guerra dipositats en l’Arxiu del Govern Militar de Barcelona. Es van localitzar i fotografiar un centenar de consells de guerra oberts a solsonins. Més endavant es va procedir a buidar la informació que contenien i es va bolcar en una base de dades.</p>
<p>2. Els expedients del Tribunal de Responsabilitats Polítiques dipositats en l’Arxiu Comarcal del Solsonès i en l’Arxiu Històric de Lleida.</p>
<h2><b>Recerca “El Solsonès, terra d&#8217;emboscats” </b></h2>
<p>Els emboscats són aquells joves en edat de lleves que, durant la guerra civil, per no anar al front s&#8217;amagaven en els boscos, en refugis excavats o aprofitant les balmes i coves existents en la capritxosa orografia muntanyosa. Sobrevivien gràcies a un extens suport social: la gent gran, les dones, els nens. El 2007 ja anàvem darrera dels homes que s’havien emboscat i dels amagatalls que havien utilitzat. En aquells moments estàvem molt lluny d’imaginar que aquesta recerca s’acabaria convertint en un documental i que algunes de les rutes i amagatalls de la comarca serien senyalitzats.</p>
<h2><b>Recerca “Els bombardeigs al Solsonès”. </b></h2>
<p>En el marc de la commemoració dels 70 anys dels bombardeigs sobre la població civil catalana vam dedicar la recerca a conèixer millor l’impacte d’aquest terrible fenomen al Solsonès: dates, víctimes, danys materials, refugis antiaeris, etc.</p>
<h2><b>Creació d&#8217;un Servei de documentació i recursos de la II República, la guerra civil i primer franquisme al Solsonès (1931-1959)</b></h2>
<p>L’any 2008 signem un conveni de col·laboració amb l&#8217;Arxiu Comarcal del Solsonès i impulsem la primera fase d’aquest Servei: la localització de la documentació, obtenció de reproduccions, elaboració de la base de dades, tractament i instal·lació de les reproduccions, creació dels instruments de descripció adequats i posada en funcionament del servei de consulta presencial en l&#8217;Arxiu Comarcal del Solsonès.</p>
<p>Aquesta primera fase, que rep el suport del Memorial Democràtic i l’Institut Ramon Muntaner, conté els consells de guerra oberts a la comarca de l’Arxiu Militar, els expedients de Responsabilitats Polítiques de Lleida i una part de la Causa General de l’Arxiu Històric Nacional de Madrid.</p>
<p>Al llarg d’aquests anys el fons es va enriquint amb noves aportacions com la documentació referent a la guerra civil a la comarca dipositada a l’Arxiu General Militar d’Àvila.</p>
<p>Aquesta documentació pretén facilitar la recerca i la divulgació de la història del Solsonès i està disponible per a la seva consulta a l’Arxiu Comarcal.</p>
<p><b>Entrevistes a testimonis de la guerra civil</b></p>
<p>Des dels inicis de la nostra tasca hem anat a buscar el testimoni de les persones que van veure els fets que estudiem en primera persona. Al llarg dels anys hem anat acumulant i conservant els seus records, la seva memòria, que avui podem posar a disposició de tothom gràcies a <a title="Memòria oral" href="http://lacetans.org/solsonesmemoria/memoriaoral/">l’arxiu d’entrevistes</a> d’aquesta pàgina web.</p>
<p><img loading="lazy" decoding="async" alt="entrevistes" src="http://lacetans.org/solsonesmemoria/wp-content/uploads/2012/12/entrevistes-180x135.jpg" width="180" height="135" /></p>
<p>&nbsp;</p>
<p>&nbsp;</p>

<p>Recerca &#8220;Guerra civil i primer franquisme al Solsonès&#8221; L’any 2006 ens endinsaven en la història de la comarca capbussant-nos en els arxius, sobretot en l’Arxiu Comarcal del Solsonès, on vam començar a buscar aquells documents en els fons municipals que ens aportaven una mica de llum sobre els esdeveniments de la guerra i els inicis [&hellip;]</p>
