{"id":142,"date":"2012-12-13T11:46:02","date_gmt":"2012-12-13T11:46:02","guid":{"rendered":"http:\/\/lacetans.org\/solsonesmemoria\/?page_id=142"},"modified":"2013-02-19T21:51:31","modified_gmt":"2013-02-19T21:51:31","slug":"xerrades-presentacions-conferencies-taules-rodones","status":"publish","type":"page","link":"http:\/\/lacetans.org\/solsonesmemoria\/seccio-historia\/xerrades-presentacions-conferencies-taules-rodones\/","title":{"rendered":"Xerrades, presentacions, confer\u00e8ncies, taules rodones"},"content":{"rendered":"<h3><b>2008<\/b><\/h3>\n<p>Acte de presentaci\u00f3 de l\u2019estudi \u201cV\u00edctimes de la guerra civil al Solson\u00e8s\u201d<\/p>\n<p>15 de maig de 2008<\/p>\n<p>Cicle de confer\u00e8ncies 2008: Republicans i republicanisme a les terres de parla catalana<\/p>\n<p>Desmem\u00f2ria republicana a la Catalunya actual?.A c\u00e0rrec de: Montserrat Duch (Universitat Rovira i Virgili)<\/p>\n<p>Taller: Mem\u00f2ria oral al Pla de Lleida<\/p>\n<p>TEMA: Mem\u00f2ria oral de la Guerra Civil i la repressi\u00f3 franquista, 1936-1945. Metodologia i recerca<\/p>\n<h3><b>2007<\/b><\/h3>\n<p>\u201cEl retorn dels documents catalans procedents de l\u2019Arxiu General de la Guerra Civil a Salamanca\u201c<\/p>\n<p>Confer\u00e8ncia a c\u00e0rrec de Ramon Alberch, Subdirector General d\u2019Arxius de la Generalitat de Catalunya. 12 d\u2019abril del 2007<\/p>\n<p><img loading=\"lazy\" decoding=\"async\" class=\"size-medium wp-image-162 alignright\" alt=\"\" src=\"http:\/\/lacetans.org\/solsonesmemoria\/wp-content\/uploads\/2012\/12\/cartell-J.-oliva-345x550.jpg\" width=\"345\" height=\"550\" srcset=\"http:\/\/lacetans.org\/solsonesmemoria\/wp-content\/uploads\/2012\/12\/cartell-J.-oliva-345x550.jpg 345w, http:\/\/lacetans.org\/solsonesmemoria\/wp-content\/uploads\/2012\/12\/cartell-J.-oliva.jpg 533w\" sizes=\"(max-width: 345px) 100vw, 345px\" \/><\/p>\n<p>\u201cL\u2019espoli franquista a Catalunya: confiscaci\u00f3, reivindicaci\u00f3 i retorn de la documentaci\u00f3\u201d<\/p>\n<p>Taula rodona amb la participaci\u00f3 de: Joaquim Aloy, historiador manres\u00e0; \u00c0ngels Bernal, comiss\u00e0ria de l\u2019exposici\u00f3 i cap de l\u2019\u00e0rea de fons de l\u2019administraci\u00f3 de l\u2019ANC; Josep Cruanyes, historiador, advocat i membre de la Comissi\u00f3 de la Dignitat i Olina Cap\u00f3, filla del Dr. Cap\u00f3, espoliat i perseguit pel franquisme. 20 de maig de 2007<\/p>\n<p>&nbsp;<\/p>\n<p>&nbsp;<\/p>\n<h3><b>2006<\/b><\/h3>\n<p>Solsona: oppidum longum &#8230;<\/p>\n<p>JORNADA D\u2019HIST\u00d2RIA COMTEMPOR\u00c0NIA<\/p>\n<p>Cartell Prova Cartell Prova<\/p>\n<p>Taula rodona: guerra civil i franquisme.<\/p>\n<p>&#8211; Introducci\u00f3: \u201cPresentaci\u00f3 del Cost Hum\u00e0 de la Guerra Civil al Solson\u00e8s i altres projectes\u201d.<\/p>\n<p>&#8211; Llocs de mem\u00f2ria amb hist\u00f2ria. Un projecte a la prov\u00edncia de Lleida : Conxita Mir, Universitat de Lleida<\/p>\n<p>&#8211; La Recuperaci\u00f3 de la Mem\u00f2ria sobre el Franquisme i la seva repressi\u00f3: Ricard Vinyes, Universitat de Barcelona<\/p>\n<p>&#8211; \u00a0 \u00a0 Documentaci\u00f3 i Perspectives de Recerca als Arxius locals: Carles Quevedo, Director de l\u2019Arxiu Comarcal del Solson\u00e8s<\/p>\n<p>Moderador : Jordi Guix\u00e9<\/p>\n<p>&nbsp;<\/p>\n","protected":false},"excerpt":{"rendered":"<p>2008 Acte de presentaci\u00f3 de l\u2019estudi \u201cV\u00edctimes de la guerra civil al Solson\u00e8s\u201d 15 de maig de 2008 Cicle de confer\u00e8ncies 2008: Republicans i republicanisme a les terres de parla catalana Desmem\u00f2ria republicana a la Catalunya actual?.A c\u00e0rrec de: Montserrat Duch (Universitat Rovira i Virgili) Taller: Mem\u00f2ria oral al Pla de Lleida TEMA: Mem\u00f2ria oral [&hellip;]<\/p>\n","protected":false},"author":1,"featured_media":0,"parent":137,"menu_order":3,"comment_status":"closed","ping_status":"closed","template":"","meta":{"footnotes":""},"class_list":["post-142","page","type-page","status-publish","hentry"],"_links":{"self":[{"href":"http:\/\/lacetans.org\/solsonesmemoria\/wp-json\/wp\/v2\/pages\/142"}],"collection":[{"href":"http:\/\/lacetans.org\/solsonesmemoria\/wp-json\/wp\/v2\/pages"}],"about":[{"href":"http:\/\/lacetans.org\/solsonesmemoria\/wp-json\/wp\/v2\/types\/page"}],"author":[{"embeddable":true,"href":"http:\/\/lacetans.org\/solsonesmemoria\/wp-json\/wp\/v2\/users\/1"}],"replies":[{"embeddable":true,"href":"http:\/\/lacetans.org\/solsonesmemoria\/wp-json\/wp\/v2\/comments?post=142"}],"version-history":[{"count":15,"href":"http:\/\/lacetans.org\/solsonesmemoria\/wp-json\/wp\/v2\/pages\/142\/revisions"}],"predecessor-version":[{"id":159,"href":"http:\/\/lacetans.org\/solsonesmemoria\/wp-json\/wp\/v2\/pages\/142\/revisions\/159"}],"up":[{"embeddable":true,"href":"http:\/\/lacetans.org\/solsonesmemoria\/wp-json\/wp\/v2\/pages\/137"}],"wp:attachment":[{"href":"http:\/\/lacetans.org\/solsonesmemoria\/wp-json\/wp\/v2\/media?parent=142"}],"curies":[{"name":"wp","href":"https:\/\/api.w.org\/{rel}","templated":true}]}}

Xerrades, presentacions, conferències, taules rodones

<h3><b>2008</b></h3>
<p>Acte de presentació de l’estudi “Víctimes de la guerra civil al Solsonès”</p>
<p>15 de maig de 2008</p>
<p>Cicle de conferències 2008: Republicans i republicanisme a les terres de parla catalana</p>
<p>Desmemòria republicana a la Catalunya actual?.A càrrec de: Montserrat Duch (Universitat Rovira i Virgili)</p>
<p>Taller: Memòria oral al Pla de Lleida</p>
<p>TEMA: Memòria oral de la Guerra Civil i la repressió franquista, 1936-1945. Metodologia i recerca</p>
<h3><b>2007</b></h3>
<p>“El retorn dels documents catalans procedents de l’Arxiu General de la Guerra Civil a Salamanca“</p>
<p>Conferència a càrrec de Ramon Alberch, Subdirector General d’Arxius de la Generalitat de Catalunya. 12 d’abril del 2007</p>
<p><img loading="lazy" decoding="async" class="size-medium wp-image-162 alignright" alt="" src="http://lacetans.org/solsonesmemoria/wp-content/uploads/2012/12/cartell-J.-oliva-345x550.jpg" width="345" height="550" srcset="http://lacetans.org/solsonesmemoria/wp-content/uploads/2012/12/cartell-J.-oliva-345x550.jpg 345w, http://lacetans.org/solsonesmemoria/wp-content/uploads/2012/12/cartell-J.-oliva.jpg 533w" sizes="(max-width: 345px) 100vw, 345px" /></p>
<p>“L’espoli franquista a Catalunya: confiscació, reivindicació i retorn de la documentació”</p>
<p>Taula rodona amb la participació de: Joaquim Aloy, historiador manresà; Àngels Bernal, comissària de l’exposició i cap de l’àrea de fons de l’administració de l’ANC; Josep Cruanyes, historiador, advocat i membre de la Comissió de la Dignitat i Olina Capó, filla del Dr. Capó, espoliat i perseguit pel franquisme. 20 de maig de 2007</p>
<p>&nbsp;</p>
<p>&nbsp;</p>
<h3><b>2006</b></h3>
<p>Solsona: oppidum longum &#8230;</p>
<p>JORNADA D’HISTÒRIA COMTEMPORÀNIA</p>
<p>Cartell Prova Cartell Prova</p>
<p>Taula rodona: guerra civil i franquisme.</p>
<p>&#8211; Introducció: “Presentació del Cost Humà de la Guerra Civil al Solsonès i altres projectes”.</p>
<p>&#8211; Llocs de memòria amb història. Un projecte a la província de Lleida : Conxita Mir, Universitat de Lleida</p>
<p>&#8211; La Recuperació de la Memòria sobre el Franquisme i la seva repressió: Ricard Vinyes, Universitat de Barcelona</p>
<p>&#8211;     Documentació i Perspectives de Recerca als Arxius locals: Carles Quevedo, Director de l’Arxiu Comarcal del Solsonès</p>
<p>Moderador : Jordi Guixé</p>
<p>&nbsp;</p>

<p>2008 Acte de presentació de l’estudi “Víctimes de la guerra civil al Solsonès” 15 de maig de 2008 Cicle de conferències 2008: Republicans i republicanisme a les terres de parla catalana Desmemòria republicana a la Catalunya actual?.A càrrec de: Montserrat Duch (Universitat Rovira i Virgili) Taller: Memòria oral al Pla de Lleida TEMA: Memòria oral [&hellip;]</p>
