{"id":137,"date":"2012-12-13T11:08:05","date_gmt":"2012-12-13T11:08:05","guid":{"rendered":"http:\/\/lacetans.org\/solsonesmemoria\/?page_id=137"},"modified":"2013-02-15T13:08:17","modified_gmt":"2013-02-15T13:08:17","slug":"seccio-historia","status":"publish","type":"page","link":"http:\/\/lacetans.org\/solsonesmemoria\/seccio-historia\/","title":{"rendered":"Secci\u00f3 d&#8217;hist\u00f2ria"},"content":{"rendered":"<h2>PRESENTACI\u00d3<\/h2>\n<p>Benvinguts a la p\u00e0gina web de la secci\u00f3 d\u2019hist\u00f2ria del Centre d\u2019Estudis Lacetans. Creem aquest espai amb la voluntat de mantenir-vos informats de les activitats i not\u00edcies m\u00e9s destacades en l\u2019\u00e0mbit de l\u2019objecte d\u2019acci\u00f3 i estudi de la nostra secci\u00f3, des de les accions que portem a terme (recerques, publicacions&#8230;) fins als actes que organitzem en l\u2019\u00e0mbit de difusi\u00f3 (exposicions, confer\u00e8ncies, projeccions).<\/p>\n<p>Hist\u00f2ria contempor\u00e0nia i mem\u00f2ria es complementen constantment en les activitats de difusi\u00f3, recerca, commemoraci\u00f3 i pedagogia que realitza el Centre d\u2019Estudis Lacetans. El treball de mem\u00f2ria, el treball de buscar en el nostre passat recent el coneixement d\u2019esdeveniments, fets i personatges s\u2019ha enfortit i consolidat amb la constant tasca divulgadora que la nostra secci\u00f3 est\u00e0 desenvolupant.<\/p>\n<p><a href=\"presentacio\/\"><strong>M\u00e9s &gt;<\/strong><\/a><\/p>\n<p><!--more--><\/p>\n<h2><\/h2>\n<p><img loading=\"lazy\" decoding=\"async\" class=\"alignnone size-full wp-image-539\" alt=\"solsones_memoria_collage\" src=\"http:\/\/lacetans.org\/solsonesmemoria\/wp-content\/uploads\/2012\/12\/solsones_memoria_collage.jpg\" usemap=\"#menuhistoria\" width=\"940\" height=\"370\" srcset=\"http:\/\/lacetans.org\/solsonesmemoria\/wp-content\/uploads\/2012\/12\/solsones_memoria_collage.jpg 940w, http:\/\/lacetans.org\/solsonesmemoria\/wp-content\/uploads\/2012\/12\/solsones_memoria_collage-180x70.jpg 180w, http:\/\/lacetans.org\/solsonesmemoria\/wp-content\/uploads\/2012\/12\/solsones_memoria_collage-345x135.jpg 345w, http:\/\/lacetans.org\/solsonesmemoria\/wp-content\/uploads\/2012\/12\/solsones_memoria_collage-700x275.jpg 700w\" sizes=\"(max-width: 940px) 100vw, 940px\" \/><\/p>\n<map id=\"menuhistoria\" name=\"menuhistoria\">\n<area coords=\"69,119,27,298,208,343,250,162\" shape=\"poly\" href=\"\/xerrades-presentacions-conferencies-taules-rodones\" \/>\n<area coords=\"252,26,224,145,465,180,500,66\" shape=\"poly\" href=\"\/exposicions\" \/>\n<area coords=\"309,188,330,325,557,282,535,143\" shape=\"poly\" href=\"\/projeccions-cinema-a-la-fresca\" \/>\n<area coords=\"552,29,547,176,747,175,751,39\" shape=\"poly\" href=\"\/documentals\" \/>\n<area coords=\"678,191,714,317,924,261,885,138\" shape=\"poly\" href=\"\/recerques\" \/> <\/map>\n<p>&nbsp;<\/p>\n","protected":false},"excerpt":{"rendered":"<p>PRESENTACI\u00d3 Benvinguts a la p\u00e0gina web de la secci\u00f3 d\u2019hist\u00f2ria del Centre d\u2019Estudis Lacetans. Creem aquest espai amb la voluntat de mantenir-vos informats de les activitats i not\u00edcies m\u00e9s destacades en l\u2019\u00e0mbit de l\u2019objecte d\u2019acci\u00f3 i estudi de la nostra secci\u00f3, des de les accions que portem a terme (recerques, publicacions&#8230;) fins als actes que [&hellip;]<\/p>\n","protected":false},"author":1,"featured_media":331,"parent":0,"menu_order":36,"comment_status":"closed","ping_status":"closed","template":"","meta":{"footnotes":""},"class_list":["post-137","page","type-page","status-publish","has-post-thumbnail","hentry"],"_links":{"self":[{"href":"http:\/\/lacetans.org\/solsonesmemoria\/wp-json\/wp\/v2\/pages\/137"}],"collection":[{"href":"http:\/\/lacetans.org\/solsonesmemoria\/wp-json\/wp\/v2\/pages"}],"about":[{"href":"http:\/\/lacetans.org\/solsonesmemoria\/wp-json\/wp\/v2\/types\/page"}],"author":[{"embeddable":true,"href":"http:\/\/lacetans.org\/solsonesmemoria\/wp-json\/wp\/v2\/users\/1"}],"replies":[{"embeddable":true,"href":"http:\/\/lacetans.org\/solsonesmemoria\/wp-json\/wp\/v2\/comments?post=137"}],"version-history":[{"count":16,"href":"http:\/\/lacetans.org\/solsonesmemoria\/wp-json\/wp\/v2\/pages\/137\/revisions"}],"predecessor-version":[{"id":562,"href":"http:\/\/lacetans.org\/solsonesmemoria\/wp-json\/wp\/v2\/pages\/137\/revisions\/562"}],"wp:featuredmedia":[{"embeddable":true,"href":"http:\/\/lacetans.org\/solsonesmemoria\/wp-json\/wp\/v2\/media\/331"}],"wp:attachment":[{"href":"http:\/\/lacetans.org\/solsonesmemoria\/wp-json\/wp\/v2\/media?parent=137"}],"curies":[{"name":"wp","href":"https:\/\/api.w.org\/{rel}","templated":true}]}}

Secció d&#8217;història

<h2>PRESENTACIÓ</h2>
<p>Benvinguts a la pàgina web de la secció d’història del Centre d’Estudis Lacetans. Creem aquest espai amb la voluntat de mantenir-vos informats de les activitats i notícies més destacades en l’àmbit de l’objecte d’acció i estudi de la nostra secció, des de les accions que portem a terme (recerques, publicacions&#8230;) fins als actes que organitzem en l’àmbit de difusió (exposicions, conferències, projeccions).</p>
<p>Història contemporània i memòria es complementen constantment en les activitats de difusió, recerca, commemoració i pedagogia que realitza el Centre d’Estudis Lacetans. El treball de memòria, el treball de buscar en el nostre passat recent el coneixement d’esdeveniments, fets i personatges s’ha enfortit i consolidat amb la constant tasca divulgadora que la nostra secció està desenvolupant.</p>
<p><a href="presentacio/"><strong>Més &gt;</strong></a></p>
<p><!--more--></p>
<h2></h2>
<p><img loading="lazy" decoding="async" class="alignnone size-full wp-image-539" alt="solsones_memoria_collage" src="http://lacetans.org/solsonesmemoria/wp-content/uploads/2012/12/solsones_memoria_collage.jpg" usemap="#menuhistoria" width="940" height="370" srcset="http://lacetans.org/solsonesmemoria/wp-content/uploads/2012/12/solsones_memoria_collage.jpg 940w, http://lacetans.org/solsonesmemoria/wp-content/uploads/2012/12/solsones_memoria_collage-180x70.jpg 180w, http://lacetans.org/solsonesmemoria/wp-content/uploads/2012/12/solsones_memoria_collage-345x135.jpg 345w, http://lacetans.org/solsonesmemoria/wp-content/uploads/2012/12/solsones_memoria_collage-700x275.jpg 700w" sizes="(max-width: 940px) 100vw, 940px" /></p>
<map id="menuhistoria" name="menuhistoria">
<area coords="69,119,27,298,208,343,250,162" shape="poly" href="/xerrades-presentacions-conferencies-taules-rodones" />
<area coords="252,26,224,145,465,180,500,66" shape="poly" href="/exposicions" />
<area coords="309,188,330,325,557,282,535,143" shape="poly" href="/projeccions-cinema-a-la-fresca" />
<area coords="552,29,547,176,747,175,751,39" shape="poly" href="/documentals" />
<area coords="678,191,714,317,924,261,885,138" shape="poly" href="/recerques" /> </map>
<p>&nbsp;</p>

<p>PRESENTACIÓ Benvinguts a la pàgina web de la secció d’història del Centre d’Estudis Lacetans. Creem aquest espai amb la voluntat de mantenir-vos informats de les activitats i notícies més destacades en l’àmbit de l’objecte d’acció i estudi de la nostra secció, des de les accions que portem a terme (recerques, publicacions&#8230;) fins als actes que [&hellip;]</p>
