{"id":1020,"date":"2014-04-12T11:54:03","date_gmt":"2014-04-12T11:54:03","guid":{"rendered":"http:\/\/lacetans.org\/solsonesmemoria\/?page_id=1020"},"modified":"2014-04-12T12:13:34","modified_gmt":"2014-04-12T12:13:34","slug":"oppidum-11","status":"publish","type":"page","link":"http:\/\/lacetans.org\/solsonesmemoria\/publicacions\/oppidum-11\/","title":{"rendered":"Oppidum 11"},"content":{"rendered":"<p>SUMARI<\/p>\n<p>&#8220;Els rudistes del Solson\u00e8s&#8221;. Salvador Codina Gilibets<\/p>\n<p>&#8220;Activitats art\u00edstica a la Vall de Lord s. XVI-XIX: noves not\u00edcies sobre autors i obres d&#8217;art&#8221;. Jaume Adam i Vidal<\/p>\n<p>&#8220;Les pintures de Lorenzale de la catedral de Solsona: estudi i restauraci\u00f3&#8221;. Claustre Aug\u00e9, Jordi Torner, Rosa M. Vila<\/p>\n<p>&#8220;El Museu de Sal Gemma de Cardona, la gran obra del sacerdot Joan Riba (1805-1873)&#8221;. Montse Creus i Vantolra<\/p>\n<p>&#8220;La senda dolorosa, un apropament al carlisme catal\u00e0&#8221;. Rafael P\u00e9rez i Cabanes<\/p>\n<p>&#8220;Claudi Duran, l&#8217;impulsor del formig\u00f3 armat i el seu pas per Solsona&#8221;.Carles Freixes i Codina<\/p>\n<p>&#8220;Solsona, una ciutat forestal d&#8217;avui\u2026 i d&#8217;ahir. EL sector Fuster 1850-1950&#8221;. Denis Boglio<\/p>\n<p>ADDENDA &#8220;La imatge de la Mare de D\u00e9u del Claustre de Solsona del segle XIII&#8221;. Ramon Planes i Albets<\/p>\n","protected":false},"excerpt":{"rendered":"<p>SUMARI &#8220;Els rudistes del Solson\u00e8s&#8221;. Salvador Codina Gilibets &#8220;Activitats art\u00edstica a la Vall de Lord s. XVI-XIX: noves not\u00edcies sobre autors i obres d&#8217;art&#8221;. Jaume Adam i Vidal &#8220;Les pintures de Lorenzale de la catedral de Solsona: estudi i restauraci\u00f3&#8221;. Claustre Aug\u00e9, Jordi Torner, Rosa M. Vila &#8220;El Museu de Sal Gemma de Cardona, la [&hellip;]<\/p>\n","protected":false},"author":2,"featured_media":1024,"parent":131,"menu_order":11,"comment_status":"closed","ping_status":"closed","template":"","meta":{"footnotes":""},"class_list":["post-1020","page","type-page","status-publish","has-post-thumbnail","hentry"],"_links":{"self":[{"href":"http:\/\/lacetans.org\/solsonesmemoria\/wp-json\/wp\/v2\/pages\/1020"}],"collection":[{"href":"http:\/\/lacetans.org\/solsonesmemoria\/wp-json\/wp\/v2\/pages"}],"about":[{"href":"http:\/\/lacetans.org\/solsonesmemoria\/wp-json\/wp\/v2\/types\/page"}],"author":[{"embeddable":true,"href":"http:\/\/lacetans.org\/solsonesmemoria\/wp-json\/wp\/v2\/users\/2"}],"replies":[{"embeddable":true,"href":"http:\/\/lacetans.org\/solsonesmemoria\/wp-json\/wp\/v2\/comments?post=1020"}],"version-history":[{"count":6,"href":"http:\/\/lacetans.org\/solsonesmemoria\/wp-json\/wp\/v2\/pages\/1020\/revisions"}],"predecessor-version":[{"id":1023,"href":"http:\/\/lacetans.org\/solsonesmemoria\/wp-json\/wp\/v2\/pages\/1020\/revisions\/1023"}],"up":[{"embeddable":true,"href":"http:\/\/lacetans.org\/solsonesmemoria\/wp-json\/wp\/v2\/pages\/131"}],"wp:featuredmedia":[{"embeddable":true,"href":"http:\/\/lacetans.org\/solsonesmemoria\/wp-json\/wp\/v2\/media\/1024"}],"wp:attachment":[{"href":"http:\/\/lacetans.org\/solsonesmemoria\/wp-json\/wp\/v2\/media?parent=1020"}],"curies":[{"name":"wp","href":"https:\/\/api.w.org\/{rel}","templated":true}]}}

<p>SUMARI</p>
<p>&#8220;Els rudistes del Solsonès&#8221;. Salvador Codina Gilibets</p>
<p>&#8220;Activitats artística a la Vall de Lord s. XVI-XIX: noves notícies sobre autors i obres d&#8217;art&#8221;. Jaume Adam i Vidal</p>
<p>&#8220;Les pintures de Lorenzale de la catedral de Solsona: estudi i restauració&#8221;. Claustre Augé, Jordi Torner, Rosa M. Vila</p>
<p>&#8220;El Museu de Sal Gemma de Cardona, la gran obra del sacerdot Joan Riba (1805-1873)&#8221;. Montse Creus i Vantolra</p>
<p>&#8220;La senda dolorosa, un apropament al carlisme català&#8221;. Rafael Pérez i Cabanes</p>
<p>&#8220;Claudi Duran, l&#8217;impulsor del formigó armat i el seu pas per Solsona&#8221;.Carles Freixes i Codina</p>
<p>&#8220;Solsona, una ciutat forestal d&#8217;avui… i d&#8217;ahir. EL sector Fuster 1850-1950&#8221;. Denis Boglio</p>
<p>ADDENDA &#8220;La imatge de la Mare de Déu del Claustre de Solsona del segle XIII&#8221;. Ramon Planes i Albets</p>

<p>SUMARI &#8220;Els rudistes del Solsonès&#8221;. Salvador Codina Gilibets &#8220;Activitats artística a la Vall de Lord s. XVI-XIX: noves notícies sobre autors i obres d&#8217;art&#8221;. Jaume Adam i Vidal &#8220;Les pintures de Lorenzale de la catedral de Solsona: estudi i restauració&#8221;. Claustre Augé, Jordi Torner, Rosa M. Vila &#8220;El Museu de Sal Gemma de Cardona, la [&hellip;]</p>
